2024: Jan | Feb | Mar | Apr | May | Jun | Jul | Aug | Sep | Oct | Nov | Dec
2023: Jan | Feb | Mar | Apr | May | Jun | Jul | Aug | Sep | Oct | Nov | Dec
2022: Jan | Feb | Mar | Apr | May | Jun | Jul | Aug | Sep | Oct | Nov | Dec
2021: Jan | Feb | Mar | Apr | May | Jun | Jul | Aug | Sep | Oct | Nov | Dec
2020: Jan | Feb | Mar | Apr | May | Jun | Jul | Aug | Sep | Oct | Nov | Dec
2019: Jan | Feb | Mar | Apr | May | Jun | Jul | Aug | Sep | Oct | Nov | Dec
2018: Jan | Feb | Mar | Apr | May | Jun | Jul | Aug | Sep | Oct | Nov | Dec
2017: Jan | Feb | Mar | Apr | May | Jun | Jul | Aug | Sep | Oct | Nov | Dec
2016: Jan | Feb | Mar | Apr | May | Jun | Jul | Aug | Sep | Oct | Nov | Dec
2015: Jan | Feb | Mar | Apr | May | Jun | Jul | Aug | Sep | Oct | Nov | Dec
2014: Jan | Feb | Mar | Apr | May | Jun | Jul | Aug | Sep | Oct | Nov | Dec
2013: Jan | Feb | Mar | Apr | May | Jun | Jul | Aug | Sep | Oct | Nov | Dec
2012: Jan | Feb | Mar | Apr | May | Jun | Jul | Aug | Sep | Oct | Nov | Dec
2011: Jan | Feb | Mar | Apr | May | Jun | Jul | Aug | Sep | Oct | Nov | Dec
2010: Jan | Feb | Mar | Apr | May | Jun | Jul | Aug | Sep | Oct | Nov | Dec
2009: Jan | Feb | Mar | Apr | May | Jun | Jul | Aug | Sep | Oct | Nov | Dec
2008: Jan | Feb | Mar | Apr | May | Jun | Jul | Aug | Sep | Oct | Nov | Dec
2007: Jan | Feb | Mar | Apr | May | Jun | Jul | Aug | Sep | Oct | Nov | Dec
2006: Jan | Feb | Mar | Apr | May | Jun | Jul | Aug | Sep | Oct | Nov | Dec
2005: Jan | Feb | Mar | Apr | May | Jun | Jul | Aug | Sep | Oct | Nov | Dec
2004: Jan | Feb | Mar | Apr | May | Jun | Jul | Aug | Sep | Oct | Nov | Dec
2003: Jan | Feb | Mar | Apr | May | Jun | Jul | Aug | Sep | Oct | Nov | Dec
Report for 2022 12
MONTHLY CLIMATOLOGICAL SUMMARY for DEC. 2022
NAME: Station1 CITY: Lancaster STATE: Ohio
ELEV: 958 ft LAT: 39° 45' 15" N LONG: 82° 34' 05" W
TEMPERATURE (°F), RAIN (in), WIND SPEED (mph)
HEAT COOL AVG
MEAN DEG DEG WIND DOM
DAY TEMP HIGH TIME LOW TIME DAYS DAYS RAIN SPEED HIGH TIME DIR
------------------------------------------------------------------------------------
1 28.8 38.3 2:47p 22.2 7:39a 36.1 0.0 0.00 0.7 16.0 12:35a WSW
2 40.5 54.4 10:44p 24.7 3:28a 24.5 0.0 0.03 2.1 21.0 11:54p S
3 44.0 54.2 9:20a 27.3 10:16p 21.0 0.0 0.16 3.2 33.0 9:42a SSW
4 28.4 41.1 3:01p 18.6 7:44a 36.6 0.0 0.00 0.6 12.0 11:54a SSW
5 35.7 48.2 3:01p 21.6 3:29a 29.2 0.0 0.00 0.4 11.0 12:03p SE
6 47.8 53.2 11:56p 43.1 12:47a 17.2 0.0 0.26 0.1 7.0 3:51a S
7 51.6 57.8 4:51a 46.4 11:57p 13.4 0.0 0.15 0.2 7.0 4:02p NNW
8 43.8 46.4 12:01a 40.5 12:00m 21.2 0.0 0.01 0.1 6.0 1:30p NNE
9 42.8 51.3 1:27p 35.3 7:36a 22.2 0.0 0.09 0.7 14.0 7:30p ENE
10 41.4 44.1 9:10p 38.8 6:20a 23.6 0.0 0.00 0.0 6.0 1:12a NNE
11 42.3 44.8 4:15a 39.8 6:50p 22.7 0.0 0.00 1.0 12.0 11:55a NW
12 38.8 41.5 11:42a 36.3 11:58p 26.1 0.0 0.00 0.5 10.0 11:12a NNE
13 36.0 41.9 3:34p 33.2 11:14p 29.0 0.0 0.00 1.3 11.0 2:27a E
14 37.7 44.2 3:35p 32.4 12:48a 27.2 0.0 0.15 2.1 17.0 4:37p E
15 46.1 54.1 3:18p 37.9 8:17p 18.9 0.0 0.33 1.8 17.0 4:17p ESE
16 38.0 41.2 12:01a 31.9 11:59p 27.0 0.0 0.02 1.6 19.0 8:09p SW
17 31.7 34.4 12:55p 28.5 11:22p 33.1 0.0 0.01 1.6 18.0 8:51a SW
18 26.6 29.1 12:23a 23.3 7:15a 38.3 0.0 0.03 1.5 18.0 10:34a W
19 24.1 30.3 1:02p 18.8 7:39a 40.9 0.0 0.00 0.3 11.0 3:01a W
20 26.3 38.9 3:41p 17.7 3:22a 38.7 0.0 0.00 0.2 7.0 10:12a E
21 31.3 43.6 2:52p 20.2 6:23a 33.6 0.0 0.00 0.1 6.0 11:23a E
22 41.1 45.7 1:46p 33.4 12:01a 23.9 0.0 0.13 0.8 11.0 11:34a ESE
23 1.1 43.3 12:01a -7.2 9:09a 63.8 0.0 0.13 8.1 37.0 4:37a WSW
24 5.2 12.3 8:43p -2.2 12:01a 59.8 0.0 0.00 6.5 29.0 12:43p SW
25 11.6 16.4 3:19p 8.1 7:48a 53.3 0.0 0.00 4.2 20.0 9:41a SW
26 16.5 22.7 11:39p 9.7 7:15a 48.3 0.0 0.02 1.1 10.0 12:57a S
27 27.8 31.6 2:51p 22.7 12:01a 37.1 0.0 0.00 0.3 8.0 1:59p SSW
28 35.4 47.4 2:25p 23.8 4:28a 29.6 0.0 0.00 0.9 16.0 12:42p S
29 49.0 59.2 10:24p 36.5 6:08a 16.0 0.0 0.00 1.0 20.0 1:31p S
30 57.8 67.1 2:16p 52.3 8:42p 7.4 0.1 0.00 1.5 19.0 1:13p S
31 51.2 57.0 12:08a 37.3 11:40p 13.8 0.0 0.24 0.6 16.0 10:33a SSW
-------------------------------------------------------------------------------------
34.9 67.1 30 -7.2 23 933.5 0.1 1.76 1.5 37.0 23 SW
Max >= 90.0: 0
Max <= 32.0: 6
Min <= 32.0: 17
Min <= 0.0: 2
Max Rain: 0.33 ON 12/15/22
Days of Rain: 13 (>.01 in) 8 (>.1 in) 0 (>1 in)
Heat Base: 65.0 Cool Base: 65.0 Method: Integration
|