Weather Information | Photos of Local Events | Personal Weather Stations Links | Lancaster Links | Site Map

NOAA Report Archive
(Reports Generated by WeatherLink)
2021: Jan | Feb | Mar | Apr | May | Jun | Jul | Aug | Sep | Oct | Nov | Dec 
2020: Jan | Feb | Mar | Apr | May | Jun | Jul | Aug | Sep | Oct | Nov | Dec 
2019: Jan | Feb | Mar | Apr | May | Jun | Jul | Aug | Sep | Oct | Nov | Dec 
2018: Jan | Feb | Mar | Apr | May | Jun | Jul | Aug | Sep | Oct | Nov | Dec 
2017: Jan | Feb | Mar | Apr | May | Jun | Jul | Aug | Sep | Oct | Nov | Dec 
2016: Jan | Feb | Mar | Apr | May | Jun | Jul | Aug | Sep | Oct | Nov | Dec 
2015: Jan | Feb | Mar | Apr | May | Jun | Jul | Aug | Sep | Oct | Nov | Dec 
2014: Jan | Feb | Mar | Apr | May | Jun | Jul | Aug | Sep | Oct | Nov | Dec 
2013: Jan | Feb | Mar | Apr | May | Jun | Jul | Aug | Sep | Oct | Nov | Dec 
2012: Jan | Feb | Mar | Apr | May | Jun | Jul | Aug | Sep | Oct | Nov | Dec 
2011: Jan | Feb | Mar | Apr | May | Jun | Jul | Aug | Sep | Oct | Nov | Dec 
2010: Jan | Feb | Mar | Apr | May | Jun | Jul | Aug | Sep | Oct | Nov | Dec 
2009: Jan | Feb | Mar | Apr | May | Jun | Jul | Aug | Sep | Oct | Nov | Dec 
2008: Jan | Feb | Mar | Apr | May | Jun | Jul | Aug | Sep | Oct | Nov | Dec 
2007: Jan | Feb | Mar | Apr | May | Jun | Jul | Aug | Sep | Oct | Nov | Dec 
2006: Jan | Feb | Mar | Apr | May | Jun | Jul | Aug | Sep | Oct | Nov | Dec 
2005: Jan | Feb | Mar | Apr | May | Jun | Jul | Aug | Sep | Oct | Nov | Dec 
2004: Jan | Feb | Mar | Apr | May | Jun | Jul | Aug | Sep | Oct | Nov | Dec 
2003: Jan | Feb | Mar | Apr | May | Jun | Jul | Aug | Sep | Oct | Nov | Dec 

Report for 2021 06
MONTHLY CLIMATOLOGICAL SUMMARY for JUN. 2021 NAME: Station1 CITY: Lancaster STATE: Ohio ELEV: 958 ft LAT: 39 45' 15" N LONG: 82 34' 05" W TEMPERATURE (F), RAIN (in), WIND SPEED (mph) HEAT COOL AVG MEAN DEG DEG WIND DOM DAY TEMP HIGH TIME LOW TIME DAYS DAYS RAIN SPEED HIGH TIME DIR ------------------------------------------------------------------------------------ 1 63.9 75.1 5:23p 50.5 5:37a 4.7 3.6 0.00 0.1 8.0 5:42p E 2 64.3 68.6 2:29p 61.0 6:46a 1.5 0.7 0.08 0.2 8.0 3:00p SSE 3 65.6 69.8 6:29p 62.6 10:47p 0.7 1.3 0.24 0.4 16.0 1:17p SSW 4 71.9 86.5 4:14p 58.7 6:21a 1.2 8.2 0.00 0.5 16.0 11:57a WSW 5 75.6 87.2 4:54p 62.3 6:31a 0.2 10.8 0.00 0.4 12.0 11:39a SSW 6 75.1 88.4 2:24p 59.9 6:34a 1.0 11.2 0.00 0.4 16.0 4:06p SSW 7 74.9 83.0 2:57p 68.9 5:39a 0.0 9.9 0.31 0.4 16.0 10:15a SSW 8 75.8 85.5 12:47p 66.9 6:25a 0.0 10.8 0.00 0.4 16.0 5:01p SSW 9 71.4 75.3 4:33p 68.3 5:48a 0.0 6.4 0.11 0.1 10.0 11:04a SE 10 74.3 82.6 2:12p 69.1 3:15a 0.0 9.3 0.00 0.3 11.0 2:30p E 11 75.1 85.5 1:52p 70.4 11:56p 0.0 10.1 0.00 0.2 11.0 2:35p NNW 12 76.9 89.9 4:15p 65.6 6:19a 0.0 9.9 0.00 0.1 10.0 2:04p E 13 14 15 16 17 18 19 20 21 22 23 24 25 26 27 28 29 30 ------------------------------------------------------------------------------------- 72.1 89.9 12 50.5 1 9.3 92.2 0.74 0.3 16.0 3 SSW Max >= 90.0: 0 Max <= 32.0: 0 Min <= 32.0: 0 Min <= 0.0: 0 Max Rain: 0.31 ON 06/07/21 Days of Rain: 4 (>.01 in) 3 (>.1 in) 0 (>1 in) Heat Base: 65.0 Cool Base: 65.0 Method: Integration

USA Weather Finder