2024: Jan | Feb | Mar | Apr | May | Jun | Jul | Aug | Sep | Oct | Nov | Dec
2023: Jan | Feb | Mar | Apr | May | Jun | Jul | Aug | Sep | Oct | Nov | Dec
2022: Jan | Feb | Mar | Apr | May | Jun | Jul | Aug | Sep | Oct | Nov | Dec
2021: Jan | Feb | Mar | Apr | May | Jun | Jul | Aug | Sep | Oct | Nov | Dec
2020: Jan | Feb | Mar | Apr | May | Jun | Jul | Aug | Sep | Oct | Nov | Dec
2019: Jan | Feb | Mar | Apr | May | Jun | Jul | Aug | Sep | Oct | Nov | Dec
2018: Jan | Feb | Mar | Apr | May | Jun | Jul | Aug | Sep | Oct | Nov | Dec
2017: Jan | Feb | Mar | Apr | May | Jun | Jul | Aug | Sep | Oct | Nov | Dec
2016: Jan | Feb | Mar | Apr | May | Jun | Jul | Aug | Sep | Oct | Nov | Dec
2015: Jan | Feb | Mar | Apr | May | Jun | Jul | Aug | Sep | Oct | Nov | Dec
2014: Jan | Feb | Mar | Apr | May | Jun | Jul | Aug | Sep | Oct | Nov | Dec
2013: Jan | Feb | Mar | Apr | May | Jun | Jul | Aug | Sep | Oct | Nov | Dec
2012: Jan | Feb | Mar | Apr | May | Jun | Jul | Aug | Sep | Oct | Nov | Dec
2011: Jan | Feb | Mar | Apr | May | Jun | Jul | Aug | Sep | Oct | Nov | Dec
2010: Jan | Feb | Mar | Apr | May | Jun | Jul | Aug | Sep | Oct | Nov | Dec
2009: Jan | Feb | Mar | Apr | May | Jun | Jul | Aug | Sep | Oct | Nov | Dec
2008: Jan | Feb | Mar | Apr | May | Jun | Jul | Aug | Sep | Oct | Nov | Dec
2007: Jan | Feb | Mar | Apr | May | Jun | Jul | Aug | Sep | Oct | Nov | Dec
2006: Jan | Feb | Mar | Apr | May | Jun | Jul | Aug | Sep | Oct | Nov | Dec
2005: Jan | Feb | Mar | Apr | May | Jun | Jul | Aug | Sep | Oct | Nov | Dec
2004: Jan | Feb | Mar | Apr | May | Jun | Jul | Aug | Sep | Oct | Nov | Dec
2003: Jan | Feb | Mar | Apr | May | Jun | Jul | Aug | Sep | Oct | Nov | Dec
Report for 2004 08
MONTHLY CLIMATOLOGICAL SUMMARY for AUG. 2004
NAME: Station1 CITY: Lancaster STATE: Ohio
ELEV: 980 ft LAT: 39° 45' 13" N LONG: 82° 34' 06" W
TEMPERATURE (°F), RAIN (in), WIND SPEED (mph)
HEAT COOL AVG
MEAN DEG DEG WIND DOM
DAY TEMP HIGH TIME LOW TIME DAYS DAYS RAIN SPEED HIGH TIME DIR
------------------------------------------------------------------------------------
1 76.0 86.1 7:00p 64.0 12:00m 0.0 8.8 0.00 1.0 11.0 4:00p N
2 75.7 88.0 6:00p 59.0 8:00a 0.7 10.1 0.00 0.5 7.0 12:00p N
3 77.6 89.3 5:00p 62.9 8:00a 0.0 11.0 0.33 0.9 16.0 8:00p SW
4 72.2 83.6 12:00p 66.0 12:00m 0.0 7.2 0.26 1.9 30.0 1:00p N
5 68.1 77.6 4:00p 58.7 12:00m 1.2 4.3 0.00 5.5 20.0 2:00p N
6 61.8 73.2 5:00p 51.4 7:00a 5.2 1.9 0.00 3.3 16.0 12:00p N
7 66.4 77.6 6:00p 54.4 1:00a 2.7 4.0 0.00 1.3 12.0 1:00p N
8 70.7 79.4 2:00p 58.3 12:00m 1.0 5.1 0.00 0.7 12.0 12:00p SW
9 70.5 80.7 5:00p 53.9 5:00a 1.9 6.7 0.00 1.9 17.0 5:00p SSW
10 72.8 83.0 5:00p 64.5 12:00m 0.0 7.8 0.01 4.0 24.0 3:00p SSW
11 65.5 72.7 6:00p 56.7 5:00a 1.5 2.0 0.00 2.0 26.0 2:00p WSW
12 63.1 69.4 3:00p 55.4 8:00a 2.3 0.8 0.06 0.2 7.0 2:00p WSW
13 60.7 68.3 2:00p 54.5 8:00a 4.6 0.3 0.00 0.8 13.0 1:00p N
14 66.4 72.5 2:00p 55.0 1:00a 1.5 2.5 0.00 0.3 8.0 2:00p SE
15 67.7 77.4 4:00p 54.4 2:00a 1.7 3.6 0.00 0.5 10.0 7:00p N
16 67.6 79.4 6:00p 50.8 8:00a 2.5 4.6 0.00 0.7 10.0 3:00p N
17 66.1 81.1 4:00p 51.7 5:00a 4.6 5.6 0.00 0.8 16.0 4:00p SSW
18 71.0 83.0 4:00p 56.5 4:00a 2.5 8.5 0.00 3.0 22.0 2:00p SSW
19 78.0 89.7 5:00p 69.1 12:00m 0.0 13.0 0.30 5.0 28.0 5:00p SSW
20 72.5 79.2 2:00p 65.6 8:00a 0.0 6.0 0.09 1.8 29.0 8:00p SSW
21 67.0 76.8 5:00p 56.5 12:00m 1.5 3.6 0.08 3.2 19.0 1:00a N
22 65.6 81.1 5:00p 49.4 7:00a 4.8 5.4 0.00 0.8 12.0 2:00p N
23 69.2 86.1 4:00p 52.8 8:00a 3.4 7.6 0.00 0.6 12.0 5:00p E
24 72.2 87.2 3:00p 59.0 7:00a 1.4 8.6 0.00 0.7 12.0 6:00p E
25 74.4 84.1 5:00p 67.4 7:00a 0.0 9.4 0.08 1.7 16.0 12:00p SSE
26 73.6 83.4 6:00p 67.6 8:00a 0.0 8.6 0.12 2.4 16.0 10:00a SSW
27 79.0 89.9 6:00p 72.3 2:00a 0.0 14.0 0.00 3.3 21.0 9:00a SSW
28 79.3 91.0 3:00p 68.6 12:00m 0.0 13.1 0.42 2.3 19.0 9:00p SSW
29 74.8 84.9 6:00p 67.3 7:00a 0.0 8.2 0.01 1.8 14.0 4:00p SW
30 67.9 74.4 6:00p 59.5 12:00m 0.3 3.2 0.00 3.4 12.0 9:00a N
31 65.0 79.8 5:00p 50.7 7:00a 4.6 4.6 0.00 0.7 10.0 4:00p NNE
-------------------------------------------------------------------------------------
70.3 91.0 28 49.4 22 49.9 200.1 1.76 1.8 30.0 4 N
Max >= 90.0: 1
Max <= 32.0: 0
Min <= 32.0: 0
Min <= 0.0: 0
Max Rain: 0.42 ON 08/28/04
Days of Rain: 9 (>.01 in) 5 (>.1 in) 0 (>1 in)
Heat Base: 65.0 Cool Base: 65.0 Method: Integration
|