2024: Jan | Feb | Mar | Apr | May | Jun | Jul | Aug | Sep | Oct | Nov | Dec
2023: Jan | Feb | Mar | Apr | May | Jun | Jul | Aug | Sep | Oct | Nov | Dec
2022: Jan | Feb | Mar | Apr | May | Jun | Jul | Aug | Sep | Oct | Nov | Dec
2021: Jan | Feb | Mar | Apr | May | Jun | Jul | Aug | Sep | Oct | Nov | Dec
2020: Jan | Feb | Mar | Apr | May | Jun | Jul | Aug | Sep | Oct | Nov | Dec
2019: Jan | Feb | Mar | Apr | May | Jun | Jul | Aug | Sep | Oct | Nov | Dec
2018: Jan | Feb | Mar | Apr | May | Jun | Jul | Aug | Sep | Oct | Nov | Dec
2017: Jan | Feb | Mar | Apr | May | Jun | Jul | Aug | Sep | Oct | Nov | Dec
2016: Jan | Feb | Mar | Apr | May | Jun | Jul | Aug | Sep | Oct | Nov | Dec
2015: Jan | Feb | Mar | Apr | May | Jun | Jul | Aug | Sep | Oct | Nov | Dec
2014: Jan | Feb | Mar | Apr | May | Jun | Jul | Aug | Sep | Oct | Nov | Dec
2013: Jan | Feb | Mar | Apr | May | Jun | Jul | Aug | Sep | Oct | Nov | Dec
2012: Jan | Feb | Mar | Apr | May | Jun | Jul | Aug | Sep | Oct | Nov | Dec
2011: Jan | Feb | Mar | Apr | May | Jun | Jul | Aug | Sep | Oct | Nov | Dec
2010: Jan | Feb | Mar | Apr | May | Jun | Jul | Aug | Sep | Oct | Nov | Dec
2009: Jan | Feb | Mar | Apr | May | Jun | Jul | Aug | Sep | Oct | Nov | Dec
2008: Jan | Feb | Mar | Apr | May | Jun | Jul | Aug | Sep | Oct | Nov | Dec
2007: Jan | Feb | Mar | Apr | May | Jun | Jul | Aug | Sep | Oct | Nov | Dec
2006: Jan | Feb | Mar | Apr | May | Jun | Jul | Aug | Sep | Oct | Nov | Dec
2005: Jan | Feb | Mar | Apr | May | Jun | Jul | Aug | Sep | Oct | Nov | Dec
2004: Jan | Feb | Mar | Apr | May | Jun | Jul | Aug | Sep | Oct | Nov | Dec
2003: Jan | Feb | Mar | Apr | May | Jun | Jul | Aug | Sep | Oct | Nov | Dec
Report for 2007 11
MONTHLY CLIMATOLOGICAL SUMMARY for NOV. 2007
NAME: Station1 CITY: Lancaster STATE: Ohio
ELEV: 980 ft LAT: 39° 45' 13" N LONG: 82° 34' 06" W
TEMPERATURE (°F), RAIN (in), WIND SPEED (mph)
HEAT COOL AVG
MEAN DEG DEG WIND DOM
DAY TEMP HIGH TIME LOW TIME DAYS DAYS RAIN SPEED HIGH TIME DIR
------------------------------------------------------------------------------------
1 49.7 59.4 1:30a 31.6 12:00m 15.3 0.0 0.00 1.9 18.0 2:15a NNW
2 39.7 57.8 4:00p 26.7 8:00a 25.3 0.0 0.00 0.3 8.0 12:15p NNE
3 40.6 57.1 5:00p 25.2 8:15a 24.4 0.0 0.00 0.6 16.0 4:00p WNW
4 42.3 53.6 12:45p 30.3 4:45a 22.7 0.0 0.00 1.0 18.0 12:45p SW
5 47.1 62.7 2:30p 34.4 6:00a 17.9 0.0 0.02 3.6 34.0 12:30p WSW
6 37.7 42.4 12:00p 32.2 6:45a 27.3 0.0 0.00 5.4 30.0 12:30p W
7 35.9 43.4 2:30p 26.3 11:45p 29.1 0.0 0.01 0.8 14.0 12:15a WNW
8 37.3 47.4 3:00p 26.1 12:30a 27.7 0.0 0.00 0.9 18.0 11:15a SSW
9 44.0 53.0 2:30p 35.7 6:30a 21.0 0.0 0.00 2.4 20.0 11:30a WNW
10 37.7 46.7 2:30p 27.3 12:00m 27.3 0.0 0.00 0.9 14.0 6:30a WNW
11 35.4 45.0 11:15p 26.3 5:45a 29.6 0.0 0.18 0.4 11.0 3:15p SSW
12 57.1 65.1 3:15p 44.6 12:15a 7.9 0.0 0.01 5.8 25.0 10:45a SW
13 54.8 61.1 3:15p 50.4 9:45a 10.2 0.0 0.22 1.8 20.0 12:45a SSW
14 57.7 64.6 3:00p 49.6 12:00m 7.3 0.0 0.00 4.1 22.0 10:00a SSW
15 38.2 49.6 12:15a 32.9 8:30p 26.8 0.0 0.02 5.1 28.0 6:00p WNW
16 34.0 40.1 2:45p 30.3 12:00m 31.0 0.0 0.00 1.9 17.0 1:45p WNW
17 40.0 50.7 3:15p 30.1 12:15a 25.0 0.0 0.00 0.9 13.0 9:00a S
18 36.4 40.4 11:00a 28.9 10:45p 28.6 0.0 0.00 0.6 11.0 11:30a NNE
19 43.2 56.5 12:00m 30.4 12:15a 21.8 0.0 0.01 1.4 18.0 11:45p S
20 58.6 60.6 2:45p 55.2 11:00p 6.4 0.0 0.00 4.5 25.0 4:45a SW
21 60.8 66.8 12:15p 57.4 12:30a 4.3 0.1 0.40 6.3 25.0 9:45a SSW
22 42.2 61.2 4:00a 28.6 11:15p 22.8 0.0 0.08 4.9 31.0 4:30a NW
23 29.5 37.3 1:30p 19.0 12:00m 35.5 0.0 0.00 1.5 16.0 1:45p NNW
24 28.3 38.1 12:45p 16.8 7:00a 36.7 0.0 0.00 0.4 13.0 12:15p SSW
25 34.9 48.4 3:15p 21.2 8:00a 30.1 0.0 0.14 0.4 13.0 12:45p SSW
26 42.5 55.0 3:30p 36.8 11:15p 22.5 0.0 1.06 1.4 21.0 9:15p WNW
27 37.7 44.7 3:15p 28.5 12:00m 27.3 0.0 0.00 4.2 32.0 4:00p SW
28 34.7 45.9 1:45p 20.1 5:30a 30.3 0.0 0.00 1.2 18.0 7:00p SE
29 37.6 48.7 3:15a 23.6 12:00m 27.4 0.0 0.00 5.8 30.0 11:30a W
30 30.9 46.2 3:00p 17.1 7:30a 34.1 0.0 0.00 2.9 27.0 3:00p WSW
-------------------------------------------------------------------------------------
41.5 66.8 21 16.8 24 703.6 0.1 2.15 2.4 34.0 5 SSW
Max >= 90.0: 0
Max <= 32.0: 0
Min <= 32.0: 20
Min <= 0.0: 0
Max Rain: 1.06 ON 11/26/07
Days of Rain: 8 (>.01 in) 5 (>.1 in) 1 (>1 in)
Heat Base: 65.0 Cool Base: 65.0 Method: Integration
|