2024: Jan | Feb | Mar | Apr | May | Jun | Jul | Aug | Sep | Oct | Nov | Dec
2023: Jan | Feb | Mar | Apr | May | Jun | Jul | Aug | Sep | Oct | Nov | Dec
2022: Jan | Feb | Mar | Apr | May | Jun | Jul | Aug | Sep | Oct | Nov | Dec
2021: Jan | Feb | Mar | Apr | May | Jun | Jul | Aug | Sep | Oct | Nov | Dec
2020: Jan | Feb | Mar | Apr | May | Jun | Jul | Aug | Sep | Oct | Nov | Dec
2019: Jan | Feb | Mar | Apr | May | Jun | Jul | Aug | Sep | Oct | Nov | Dec
2018: Jan | Feb | Mar | Apr | May | Jun | Jul | Aug | Sep | Oct | Nov | Dec
2017: Jan | Feb | Mar | Apr | May | Jun | Jul | Aug | Sep | Oct | Nov | Dec
2016: Jan | Feb | Mar | Apr | May | Jun | Jul | Aug | Sep | Oct | Nov | Dec
2015: Jan | Feb | Mar | Apr | May | Jun | Jul | Aug | Sep | Oct | Nov | Dec
2014: Jan | Feb | Mar | Apr | May | Jun | Jul | Aug | Sep | Oct | Nov | Dec
2013: Jan | Feb | Mar | Apr | May | Jun | Jul | Aug | Sep | Oct | Nov | Dec
2012: Jan | Feb | Mar | Apr | May | Jun | Jul | Aug | Sep | Oct | Nov | Dec
2011: Jan | Feb | Mar | Apr | May | Jun | Jul | Aug | Sep | Oct | Nov | Dec
2010: Jan | Feb | Mar | Apr | May | Jun | Jul | Aug | Sep | Oct | Nov | Dec
2009: Jan | Feb | Mar | Apr | May | Jun | Jul | Aug | Sep | Oct | Nov | Dec
2008: Jan | Feb | Mar | Apr | May | Jun | Jul | Aug | Sep | Oct | Nov | Dec
2007: Jan | Feb | Mar | Apr | May | Jun | Jul | Aug | Sep | Oct | Nov | Dec
2006: Jan | Feb | Mar | Apr | May | Jun | Jul | Aug | Sep | Oct | Nov | Dec
2005: Jan | Feb | Mar | Apr | May | Jun | Jul | Aug | Sep | Oct | Nov | Dec
2004: Jan | Feb | Mar | Apr | May | Jun | Jul | Aug | Sep | Oct | Nov | Dec
2003: Jan | Feb | Mar | Apr | May | Jun | Jul | Aug | Sep | Oct | Nov | Dec
Report for 2012 07
MONTHLY CLIMATOLOGICAL SUMMARY for JUL. 2012
NAME: Station1 CITY: Lancaster STATE: Ohio
ELEV: 958 ft LAT: 39° 45' 15" N LONG: 82° 34' 05" W
TEMPERATURE (°F), RAIN (in), WIND SPEED (mph)
HEAT COOL AVG
MEAN DEG DEG WIND DOM
DAY TEMP HIGH TIME LOW TIME DAYS DAYS RAIN SPEED HIGH TIME DIR
------------------------------------------------------------------------------------
1 78.4 96.6 4:00p 65.3 12:00m 0.0 13.4 0.11 0.5 37.0 7:15p N
2 77.0 93.2 5:00p 60.9 6:30a 0.6 12.6 0.00 0.0 13.0 1:15a WSW
3 81.3 95.6 4:30p 67.9 6:45a 0.0 16.3 0.00 0.1 11.0 2:00p WSW
4 85.2 98.7 4:00p 70.8 4:45a 0.0 20.2 0.00 0.6 19.0 3:45p WSW
5 82.3 98.0 4:15p 70.3 6:30a 0.0 17.3 0.01 0.3 14.0 12:15p WSW
6 86.8 102.0 4:30p 71.3 6:30a 0.0 21.8 0.00 0.1 10.0 1:15p N
7 87.6 103.1 5:00p 71.1 6:15a 0.0 22.6 0.00 0.3 13.0 4:30p WSW
8 83.4 95.6 4:00p 74.4 6:45a 0.0 18.4 0.00 0.7 16.0 5:30p NNE
9 78.6 91.0 5:30p 65.6 7:00a 0.0 13.6 0.00 0.3 12.0 11:30a NNE
10 77.7 94.3 4:30p 59.6 6:30a 0.8 13.4 0.00 0.1 11.0 10:15p NNE
11 79.5 93.8 5:15p 66.8 6:45a 0.0 14.5 0.00 0.2 11.0 8:45a NNE
12 77.4 88.6 2:15p 63.1 6:45a 0.2 12.6 0.00 0.0 11.0 10:00p S
13 71.0 79.2 12:00p 65.3 5:15a 0.0 6.0 0.00 0.0 11.0 12:30p ENE
14 74.8 87.2 3:45p 66.6 5:15a 0.0 9.8 0.00 0.1 13.0 7:00p SSW
15 78.1 88.0 3:45p 72.0 4:45a 0.0 13.1 0.00 0.9 24.0 4:30p SSW
16 84.0 98.2 5:30p 73.0 6:15a 0.0 19.0 0.00 0.4 14.0 3:00p WSW
17 85.1 99.4 3:15p 71.1 2:00a 0.0 20.1 0.00 0.5 18.0 3:45p WSW
18 82.1 98.2 3:15p 72.8 12:00m 0.0 17.1 0.00 0.5 19.0 5:00p WSW
19 74.8 86.1 11:45a 68.3 6:45a 0.0 9.8 0.23 0.2 16.0 11:45a WSW
20 73.0 78.8 4:30p 69.1 11:45p 0.0 8.0 0.23 0.8 14.0 6:00p NNW
21 74.4 85.5 4:00p 66.3 5:30a 0.0 9.4 0.00 0.2 11.0 12:45p NNE
22 77.3 91.6 4:00p 63.4 6:45a 0.1 12.4 0.00 0.1 11.0 7:45p SSW
23 80.6 91.6 5:45p 72.8 4:45a 0.0 15.6 0.00 1.1 21.0 6:00p SW
24 78.0 84.0 9:00a 70.3 1:15p 0.0 13.0 0.35 0.7 20.0 12:15p WSW
25 77.1 91.6 6:15p 59.6 6:45a 0.7 12.8 0.00 0.0 16.0 12:00m SSW
26 81.8 92.9 1:45p 68.8 5:30p 0.0 16.7 0.38 2.0 32.0 5:00p SSW
27 79.8 91.4 4:30p 71.5 12:45a 0.0 14.8 0.01 0.6 19.0 3:45p SW
28 74.1 84.1 2:15p 66.0 6:45a 0.0 9.1 0.00 0.8 17.0 5:15p NNW
29 74.6 89.7 5:00p 60.2 6:45a 0.7 10.3 0.00 0.0 10.0 12:30p N
30 75.7 90.5 2:30p 60.2 7:00a 0.7 11.4 0.00 0.0 7.0 5:45p ENE
31 77.4 92.5 3:30p 61.3 6:30a 0.5 12.9 0.00 0.2 13.0 6:00p WSW
-------------------------------------------------------------------------------------
79.0 103.1 7 59.6 10 4.3 438.0 1.32 0.4 37.0 1 WSW
Max >= 90.0: 21
Max <= 32.0: 0
Min <= 32.0: 0
Min <= 0.0: 0
Max Rain: 0.38 ON 07/26/12
Days of Rain: 5 (>.01 in) 5 (>.1 in) 0 (>1 in)
Heat Base: 65.0 Cool Base: 65.0 Method: Integration
|