2024: Jan | Feb | Mar | Apr | May | Jun | Jul | Aug | Sep | Oct | Nov | Dec
2023: Jan | Feb | Mar | Apr | May | Jun | Jul | Aug | Sep | Oct | Nov | Dec
2022: Jan | Feb | Mar | Apr | May | Jun | Jul | Aug | Sep | Oct | Nov | Dec
2021: Jan | Feb | Mar | Apr | May | Jun | Jul | Aug | Sep | Oct | Nov | Dec
2020: Jan | Feb | Mar | Apr | May | Jun | Jul | Aug | Sep | Oct | Nov | Dec
2019: Jan | Feb | Mar | Apr | May | Jun | Jul | Aug | Sep | Oct | Nov | Dec
2018: Jan | Feb | Mar | Apr | May | Jun | Jul | Aug | Sep | Oct | Nov | Dec
2017: Jan | Feb | Mar | Apr | May | Jun | Jul | Aug | Sep | Oct | Nov | Dec
2016: Jan | Feb | Mar | Apr | May | Jun | Jul | Aug | Sep | Oct | Nov | Dec
2015: Jan | Feb | Mar | Apr | May | Jun | Jul | Aug | Sep | Oct | Nov | Dec
2014: Jan | Feb | Mar | Apr | May | Jun | Jul | Aug | Sep | Oct | Nov | Dec
2013: Jan | Feb | Mar | Apr | May | Jun | Jul | Aug | Sep | Oct | Nov | Dec
2012: Jan | Feb | Mar | Apr | May | Jun | Jul | Aug | Sep | Oct | Nov | Dec
2011: Jan | Feb | Mar | Apr | May | Jun | Jul | Aug | Sep | Oct | Nov | Dec
2010: Jan | Feb | Mar | Apr | May | Jun | Jul | Aug | Sep | Oct | Nov | Dec
2009: Jan | Feb | Mar | Apr | May | Jun | Jul | Aug | Sep | Oct | Nov | Dec
2008: Jan | Feb | Mar | Apr | May | Jun | Jul | Aug | Sep | Oct | Nov | Dec
2007: Jan | Feb | Mar | Apr | May | Jun | Jul | Aug | Sep | Oct | Nov | Dec
2006: Jan | Feb | Mar | Apr | May | Jun | Jul | Aug | Sep | Oct | Nov | Dec
2005: Jan | Feb | Mar | Apr | May | Jun | Jul | Aug | Sep | Oct | Nov | Dec
2004: Jan | Feb | Mar | Apr | May | Jun | Jul | Aug | Sep | Oct | Nov | Dec
2003: Jan | Feb | Mar | Apr | May | Jun | Jul | Aug | Sep | Oct | Nov | Dec
Report for 2013 04
MONTHLY CLIMATOLOGICAL SUMMARY for APR. 2013
NAME: Station1 CITY: Lancaster STATE: Ohio
ELEV: 958 ft LAT: 39° 45' 15" N LONG: 82° 34' 05" W
TEMPERATURE (°F), RAIN (in), WIND SPEED (mph)
HEAT COOL AVG
MEAN DEG DEG WIND DOM
DAY TEMP HIGH TIME LOW TIME DAYS DAYS RAIN SPEED HIGH TIME DIR
------------------------------------------------------------------------------------
1 41.6 49.8 12:15a 32.9 12:00m 23.4 0.0 0.00 2.7 21.0 12:00p NW
2 34.7 45.8 5:15p 24.7 7:00a 30.3 0.0 0.00 1.9 20.0 4:45p NNW
3 35.8 47.0 5:15p 23.9 7:30a 29.2 0.0 0.00 1.7 20.0 4:00p N
4 39.0 53.8 4:45p 26.3 2:30a 26.0 0.0 0.00 0.3 10.0 7:15p E
5 43.5 60.5 1:45p 26.0 7:15a 21.5 0.0 0.00 1.7 18.0 4:15p N
6 45.8 62.4 6:15p 28.7 6:30a 19.2 0.0 0.00 0.6 16.0 5:45p ESE
7 63.2 73.2 5:00p 52.9 12:15a 3.6 1.8 0.00 3.7 30.0 11:15a SW
8 62.9 75.1 2:45p 48.8 7:15a 4.8 2.8 0.02 3.6 28.0 2:30p SSW
9 68.4 82.4 4:30p 50.5 7:30a 3.5 6.9 0.00 3.0 27.0 1:45p SSW
10 72.7 83.6 3:30p 60.7 11:30p 0.4 8.1 0.00 4.6 28.0 11:30a SSW
11 63.8 74.2 4:45p 58.4 2:15a 2.6 1.4 0.26 0.3 17.0 9:30p NNE
12 49.4 60.2 12:15a 40.6 11:45p 15.6 0.0 0.34 3.0 26.0 1:30p W
13 44.9 55.6 5:45p 35.3 12:00m 20.1 0.0 0.00 2.8 25.0 2:45p SW
14 49.3 67.8 5:30p 30.6 7:00a 15.9 0.3 0.00 0.4 12.0 3:30p E
15 61.5 69.8 2:30p 51.4 7:00a 4.6 1.0 0.00 0.4 19.0 10:15a S
16 64.2 80.5 4:15p 56.5 12:00m 3.6 2.9 0.67 2.1 25.0 6:15p S
17 59.6 68.9 5:45p 54.1 10:00a 5.7 0.3 0.11 0.5 16.0 10:15p E
18 71.7 86.3 4:00p 57.5 4:30a 2.1 8.8 0.00 3.0 31.0 3:30p S
19 53.6 74.2 12:15a 39.5 12:00m 13.1 1.7 0.21 3.9 37.0 8:45a S
20 41.0 48.6 5:30p 31.5 12:00m 24.0 0.0 0.01 3.0 21.0 10:30a SW
21 42.1 56.6 5:30p 27.5 7:00a 22.9 0.0 0.00 0.8 14.0 12:30p NNE
22 53.0 70.1 3:15p 34.9 7:00a 12.8 0.8 0.00 0.1 13.0 10:15a E
23 60.2 73.5 2:15p 43.5 6:30a 7.2 2.4 0.00 1.0 20.0 2:45p SSW
24 52.1 63.5 3:00a 34.0 11:30p 12.9 0.0 0.44 1.6 25.0 2:30p SSW
25 44.4 56.7 3:45p 30.0 6:30a 20.6 0.0 0.01 1.9 24.0 3:45p SSW
26 47.9 64.5 4:45p 28.7 6:45a 17.1 0.0 0.00 0.0 7.0 12:45p ENE
27 56.1 72.1 5:30p 34.9 6:30a 10.3 1.4 0.00 0.1 16.0 5:30p S
28 57.9 65.0 6:15p 53.5 7:00a 7.1 0.0 0.73 0.1 13.0 2:00p S
29 59.0 66.3 2:15p 52.8 12:00m 6.0 0.0 0.02 0.1 10.0 10:00a SW
30 62.0 78.3 4:45p 46.4 5:30a 6.8 3.8 0.00 0.0 11.0 4:00p ENE
-------------------------------------------------------------------------------------
53.4 86.3 18 23.9 3 392.9 44.4 2.82 1.6 37.0 19 SSW
Max >= 90.0: 0
Max <= 32.0: 0
Min <= 32.0: 10
Min <= 0.0: 0
Max Rain: 0.73 ON 04/28/13
Days of Rain: 9 (>.01 in) 7 (>.1 in) 0 (>1 in)
Heat Base: 65.0 Cool Base: 65.0 Method: Integration
|