2024: Jan | Feb | Mar | Apr | May | Jun | Jul | Aug | Sep | Oct | Nov | Dec
2023: Jan | Feb | Mar | Apr | May | Jun | Jul | Aug | Sep | Oct | Nov | Dec
2022: Jan | Feb | Mar | Apr | May | Jun | Jul | Aug | Sep | Oct | Nov | Dec
2021: Jan | Feb | Mar | Apr | May | Jun | Jul | Aug | Sep | Oct | Nov | Dec
2020: Jan | Feb | Mar | Apr | May | Jun | Jul | Aug | Sep | Oct | Nov | Dec
2019: Jan | Feb | Mar | Apr | May | Jun | Jul | Aug | Sep | Oct | Nov | Dec
2018: Jan | Feb | Mar | Apr | May | Jun | Jul | Aug | Sep | Oct | Nov | Dec
2017: Jan | Feb | Mar | Apr | May | Jun | Jul | Aug | Sep | Oct | Nov | Dec
2016: Jan | Feb | Mar | Apr | May | Jun | Jul | Aug | Sep | Oct | Nov | Dec
2015: Jan | Feb | Mar | Apr | May | Jun | Jul | Aug | Sep | Oct | Nov | Dec
2014: Jan | Feb | Mar | Apr | May | Jun | Jul | Aug | Sep | Oct | Nov | Dec
2013: Jan | Feb | Mar | Apr | May | Jun | Jul | Aug | Sep | Oct | Nov | Dec
2012: Jan | Feb | Mar | Apr | May | Jun | Jul | Aug | Sep | Oct | Nov | Dec
2011: Jan | Feb | Mar | Apr | May | Jun | Jul | Aug | Sep | Oct | Nov | Dec
2010: Jan | Feb | Mar | Apr | May | Jun | Jul | Aug | Sep | Oct | Nov | Dec
2009: Jan | Feb | Mar | Apr | May | Jun | Jul | Aug | Sep | Oct | Nov | Dec
2008: Jan | Feb | Mar | Apr | May | Jun | Jul | Aug | Sep | Oct | Nov | Dec
2007: Jan | Feb | Mar | Apr | May | Jun | Jul | Aug | Sep | Oct | Nov | Dec
2006: Jan | Feb | Mar | Apr | May | Jun | Jul | Aug | Sep | Oct | Nov | Dec
2005: Jan | Feb | Mar | Apr | May | Jun | Jul | Aug | Sep | Oct | Nov | Dec
2004: Jan | Feb | Mar | Apr | May | Jun | Jul | Aug | Sep | Oct | Nov | Dec
2003: Jan | Feb | Mar | Apr | May | Jun | Jul | Aug | Sep | Oct | Nov | Dec
Report for 2015 01
MONTHLY CLIMATOLOGICAL SUMMARY for JAN. 2015
NAME: Station1 CITY: Lancaster STATE: Ohio
ELEV: 958 ft LAT: 39° 45' 15" N LONG: 82° 34' 05" W
TEMPERATURE (°F), RAIN (in), WIND SPEED (mph)
HEAT COOL AVG
MEAN DEG DEG WIND DOM
DAY TEMP HIGH TIME LOW TIME DAYS DAYS RAIN SPEED HIGH TIME DIR
------------------------------------------------------------------------------------
1 28.7 38.0 3:15p 20.5 4:00a 36.3 0.0 0.00 6.0 34.0 1:00p SW
2 31.4 39.3 3:45p 26.0 10:30p 33.6 0.0 0.00 1.1 16.0 2:00p SW
3 42.7 58.1 12:00m 25.7 12:30a 22.3 0.0 0.68 1.3 19.0 8:00p S
4 46.2 59.6 2:45a 28.5 12:00m 18.8 0.0 0.08 6.8 33.0 4:45p W
5 17.7 28.5 12:15a 14.0 8:00a 47.3 0.0 0.00 3.8 28.0 2:30a W
6 17.5 23.3 12:30p 13.5 11:45p 47.5 0.0 0.22 1.8 24.0 10:00p W
7 9.6 14.1 2:45p 0.3 12:00m 55.4 0.0 0.00 3.6 24.0 4:00p W
8 5.9 20.5 12:00m -5.6 7:00a 59.1 0.0 0.00 3.0 26.0 11:15p SSW
9 14.8 23.0 6:30a 4.7 12:00m 50.2 0.0 0.00 5.9 32.0 2:15a W
10 8.8 21.1 3:30p -1.2 7:45a 56.2 0.0 0.00 1.1 14.0 10:30a SW
11 26.7 34.3 6:30p 11.9 12:15a 38.3 0.0 0.13 0.5 11.0 10:00p S
12 32.8 36.3 10:45a 25.6 12:00m 32.2 0.0 0.25 2.0 18.0 7:00p N
13 21.4 27.9 3:15p 15.9 8:00a 43.6 0.0 0.00 1.6 17.0 6:00a N
14 21.0 25.0 1:15p 15.6 11:15p 44.0 0.0 0.00 0.6 13.0 1:45p W
15 26.6 37.0 3:45p 16.7 12:15a 38.4 0.0 0.00 1.3 19.0 2:30p SW
16 31.2 38.0 2:30p 26.4 12:00m 33.8 0.0 0.00 2.6 18.0 1:30a SW
17 37.5 51.4 4:15p 24.5 2:15a 27.5 0.0 0.00 1.8 27.0 3:30p S
18 39.7 48.5 3:15a 35.0 11:45p 25.3 0.0 0.07 4.0 31.0 5:15a W
19 36.1 46.2 3:15p 27.3 8:00a 28.9 0.0 0.00 0.9 12.0 11:00a W
20 38.2 48.3 3:30p 32.1 7:00a 26.8 0.0 0.00 0.2 8.0 12:15p NNE
21 37.6 43.1 3:30p 34.1 6:15a 27.4 0.0 0.07 1.6 20.0 12:00p W
22 33.4 36.0 12:15a 31.6 12:00m 31.6 0.0 0.00 0.5 11.0 3:15p NNW
23 32.3 36.3 1:15p 29.1 8:00a 32.7 0.0 0.00 0.1 6.0 11:30a N
24 32.0 36.8 2:15p 26.3 8:15a 33.0 0.0 0.00 2.6 20.0 2:45p SW
25 35.0 36.5 5:00a 31.5 12:00m 30.0 0.0 0.26 0.8 14.0 1:30a ENE
26 21.9 31.5 12:15a 13.1 12:00m 43.1 0.0 0.11 1.8 13.0 1:30a N
27 15.9 23.6 12:30p 7.0 5:15a 49.1 0.0 0.00 1.3 14.0 6:15p N
28 18.7 29.5 2:15p 5.0 7:45a 46.3 0.0 0.00 0.2 7.0 10:30p N
29 33.3 44.2 3:45p 25.3 12:15a 31.7 0.0 0.14 3.0 29.0 4:00p N
30 22.9 32.2 12:30a 11.2 12:00m 42.1 0.0 0.02 3.4 24.0 11:30a W
31 23.7 35.6 4:00p 8.8 7:00a 41.3 0.0 0.00 1.1 16.0 1:45p SSW
-------------------------------------------------------------------------------------
27.1 59.6 4 -5.6 8 1173.8 0.0 2.03 2.1 34.0 1 W
Max >= 90.0: 0
Max <= 32.0: 11
Min <= 32.0: 28
Min <= 0.0: 2
Max Rain: 0.68 ON 01/03/15
Days of Rain: 11 (>.01 in) 7 (>.1 in) 0 (>1 in)
Heat Base: 65.0 Cool Base: 65.0 Method: Integration
|