2024: Jan | Feb | Mar | Apr | May | Jun | Jul | Aug | Sep | Oct | Nov | Dec
2023: Jan | Feb | Mar | Apr | May | Jun | Jul | Aug | Sep | Oct | Nov | Dec
2022: Jan | Feb | Mar | Apr | May | Jun | Jul | Aug | Sep | Oct | Nov | Dec
2021: Jan | Feb | Mar | Apr | May | Jun | Jul | Aug | Sep | Oct | Nov | Dec
2020: Jan | Feb | Mar | Apr | May | Jun | Jul | Aug | Sep | Oct | Nov | Dec
2019: Jan | Feb | Mar | Apr | May | Jun | Jul | Aug | Sep | Oct | Nov | Dec
2018: Jan | Feb | Mar | Apr | May | Jun | Jul | Aug | Sep | Oct | Nov | Dec
2017: Jan | Feb | Mar | Apr | May | Jun | Jul | Aug | Sep | Oct | Nov | Dec
2016: Jan | Feb | Mar | Apr | May | Jun | Jul | Aug | Sep | Oct | Nov | Dec
2015: Jan | Feb | Mar | Apr | May | Jun | Jul | Aug | Sep | Oct | Nov | Dec
2014: Jan | Feb | Mar | Apr | May | Jun | Jul | Aug | Sep | Oct | Nov | Dec
2013: Jan | Feb | Mar | Apr | May | Jun | Jul | Aug | Sep | Oct | Nov | Dec
2012: Jan | Feb | Mar | Apr | May | Jun | Jul | Aug | Sep | Oct | Nov | Dec
2011: Jan | Feb | Mar | Apr | May | Jun | Jul | Aug | Sep | Oct | Nov | Dec
2010: Jan | Feb | Mar | Apr | May | Jun | Jul | Aug | Sep | Oct | Nov | Dec
2009: Jan | Feb | Mar | Apr | May | Jun | Jul | Aug | Sep | Oct | Nov | Dec
2008: Jan | Feb | Mar | Apr | May | Jun | Jul | Aug | Sep | Oct | Nov | Dec
2007: Jan | Feb | Mar | Apr | May | Jun | Jul | Aug | Sep | Oct | Nov | Dec
2006: Jan | Feb | Mar | Apr | May | Jun | Jul | Aug | Sep | Oct | Nov | Dec
2005: Jan | Feb | Mar | Apr | May | Jun | Jul | Aug | Sep | Oct | Nov | Dec
2004: Jan | Feb | Mar | Apr | May | Jun | Jul | Aug | Sep | Oct | Nov | Dec
2003: Jan | Feb | Mar | Apr | May | Jun | Jul | Aug | Sep | Oct | Nov | Dec
Report for 2015 04
MONTHLY CLIMATOLOGICAL SUMMARY for APR. 2015
NAME: Station1 CITY: Lancaster STATE: Ohio
ELEV: 958 ft LAT: 39° 45' 15" N LONG: 82° 34' 05" W
TEMPERATURE (°F), RAIN (in), WIND SPEED (mph)
HEAT COOL AVG
MEAN DEG DEG WIND DOM
DAY TEMP HIGH TIME LOW TIME DAYS DAYS RAIN SPEED HIGH TIME DIR
------------------------------------------------------------------------------------
1 44.9 65.0 5:30p 25.6 7:15a 20.1 0.0 0.00 0.6 12.0 2:00p SSW
2 52.6 66.8 4:15p 39.5 6:45a 12.4 0.0 0.84 2.7 34.0 4:45p SSW
3 56.3 64.2 4:15p 43.5 12:00m 8.7 0.0 0.45 4.0 26.0 6:45p SSW
4 42.4 51.7 5:45p 33.1 7:30a 22.6 0.0 0.00 3.5 22.0 1:45a NW
5 51.4 64.3 4:30p 41.3 12:00m 13.6 0.0 0.00 3.3 24.0 12:15p SW
6 50.1 67.3 2:00p 33.8 6:15a 15.0 0.1 0.19 0.9 22.0 1:30p SSW
7 58.7 66.9 4:30p 51.3 5:45a 6.4 0.1 0.24 0.3 14.0 3:00p S
8 60.7 68.4 5:00p 55.4 6:45a 4.6 0.3 0.62 0.7 20.0 12:45p S
9 63.6 77.6 2:45p 58.0 2:15a 2.8 1.3 0.50 1.4 37.0 3:45p S
10 60.6 73.5 5:15a 53.2 11:15p 5.6 1.2 0.12 6.2 32.0 3:15a SSW
11 50.3 61.2 5:45p 39.5 7:15a 14.7 0.0 0.00 1.8 19.0 2:00a NNW
12 54.0 74.9 5:15p 33.4 6:45a 12.6 1.6 0.00 0.4 11.0 11:00a E
13 65.8 80.7 5:00p 50.4 5:00a 4.4 5.2 0.28 3.8 30.0 1:00p SSW
14 56.6 62.1 3:15p 46.7 11:45p 8.4 0.0 0.00 0.9 14.0 3:15p NNE
15 55.7 68.8 4:30p 43.8 5:45a 9.6 0.3 0.00 1.6 17.0 12:15p ENE
16 58.0 65.5 6:30p 53.3 7:30a 7.0 0.0 0.07 1.1 17.0 2:45p S
17 64.0 76.5 5:15p 54.5 5:30a 3.9 3.0 0.01 0.4 12.0 12:30a NNW
18 63.8 79.6 3:15p 45.2 6:15a 6.1 4.9 0.00 0.3 12.0 4:15p NNE
19 61.1 72.5 11:45a 55.0 4:00a 5.0 1.1 0.17 1.9 27.0 12:15p ESE
20 59.1 66.9 2:00p 49.2 12:00m 5.9 0.0 0.26 4.5 35.0 3:00p SSW
21 52.9 62.0 5:30p 43.8 7:00a 12.1 0.0 0.00 5.4 34.0 12:45p SW
22 44.3 55.3 12:15a 36.2 12:00m 20.7 0.0 0.46 3.2 31.0 2:00a WNW
23 42.9 52.2 2:30p 30.6 7:00a 22.1 0.0 0.00 2.3 21.0 12:00p WNW
24 45.1 60.1 4:45p 26.0 7:00a 19.9 0.0 0.00 0.6 13.0 2:15p SW
25 45.2 48.5 1:00p 42.3 9:15p 19.8 0.0 0.25 0.8 17.0 6:45p ENE
26 49.5 62.1 5:00p 40.1 8:00a 15.5 0.0 0.01 2.2 17.0 2:00p N
27 45.0 56.6 1:00p 31.9 6:45a 20.0 0.0 0.00 1.7 17.0 12:00p N
28 49.0 65.0 5:15p 31.2 7:00a 16.0 0.0 0.00 0.5 12.0 3:30p NNE
29 54.4 70.4 4:45p 35.5 6:45a 11.3 0.7 0.00 0.2 11.0 4:00p NNW
30 50.9 59.9 3:45p 44.3 8:30a 14.1 0.0 0.09 1.9 19.0 6:15p N
-------------------------------------------------------------------------------------
53.6 80.7 13 25.6 1 360.9 19.8 4.56 2.0 37.0 9 SSW
Max >= 90.0: 0
Max <= 32.0: 0
Min <= 32.0: 5
Min <= 0.0: 0
Max Rain: 0.84 ON 04/02/15
Days of Rain: 14 (>.01 in) 12 (>.1 in) 0 (>1 in)
Heat Base: 65.0 Cool Base: 65.0 Method: Integration
|