2024: Jan | Feb | Mar | Apr | May | Jun | Jul | Aug | Sep | Oct | Nov | Dec
2023: Jan | Feb | Mar | Apr | May | Jun | Jul | Aug | Sep | Oct | Nov | Dec
2022: Jan | Feb | Mar | Apr | May | Jun | Jul | Aug | Sep | Oct | Nov | Dec
2021: Jan | Feb | Mar | Apr | May | Jun | Jul | Aug | Sep | Oct | Nov | Dec
2020: Jan | Feb | Mar | Apr | May | Jun | Jul | Aug | Sep | Oct | Nov | Dec
2019: Jan | Feb | Mar | Apr | May | Jun | Jul | Aug | Sep | Oct | Nov | Dec
2018: Jan | Feb | Mar | Apr | May | Jun | Jul | Aug | Sep | Oct | Nov | Dec
2017: Jan | Feb | Mar | Apr | May | Jun | Jul | Aug | Sep | Oct | Nov | Dec
2016: Jan | Feb | Mar | Apr | May | Jun | Jul | Aug | Sep | Oct | Nov | Dec
2015: Jan | Feb | Mar | Apr | May | Jun | Jul | Aug | Sep | Oct | Nov | Dec
2014: Jan | Feb | Mar | Apr | May | Jun | Jul | Aug | Sep | Oct | Nov | Dec
2013: Jan | Feb | Mar | Apr | May | Jun | Jul | Aug | Sep | Oct | Nov | Dec
2012: Jan | Feb | Mar | Apr | May | Jun | Jul | Aug | Sep | Oct | Nov | Dec
2011: Jan | Feb | Mar | Apr | May | Jun | Jul | Aug | Sep | Oct | Nov | Dec
2010: Jan | Feb | Mar | Apr | May | Jun | Jul | Aug | Sep | Oct | Nov | Dec
2009: Jan | Feb | Mar | Apr | May | Jun | Jul | Aug | Sep | Oct | Nov | Dec
2008: Jan | Feb | Mar | Apr | May | Jun | Jul | Aug | Sep | Oct | Nov | Dec
2007: Jan | Feb | Mar | Apr | May | Jun | Jul | Aug | Sep | Oct | Nov | Dec
2006: Jan | Feb | Mar | Apr | May | Jun | Jul | Aug | Sep | Oct | Nov | Dec
2005: Jan | Feb | Mar | Apr | May | Jun | Jul | Aug | Sep | Oct | Nov | Dec
2004: Jan | Feb | Mar | Apr | May | Jun | Jul | Aug | Sep | Oct | Nov | Dec
2003: Jan | Feb | Mar | Apr | May | Jun | Jul | Aug | Sep | Oct | Nov | Dec
Report for 2017 07
MONTHLY CLIMATOLOGICAL SUMMARY for JUL. 2017
NAME: Station1 CITY: Lancaster STATE: Ohio
ELEV: 958 ft LAT: 39° 45' 15" N LONG: 82° 34' 05" W
TEMPERATURE (°F), RAIN (in), WIND SPEED (mph)
HEAT COOL AVG
MEAN DEG DEG WIND DOM
DAY TEMP HIGH TIME LOW TIME DAYS DAYS RAIN SPEED HIGH TIME DIR
------------------------------------------------------------------------------------
1 74.6 83.0 5:26p 69.1 7:35a 0.0 9.6 0.19 1.0 18.0 1:24a SW
2 75.4 87.2 3:28p 62.6 6:16a 0.2 10.5 0.00 0.4 16.0 3:00p WSW
3 75.8 89.7 4:32p 59.5 6:32a 1.0 11.8 0.00 0.1 11.0 4:55p SSW
4 75.9 89.5 3:57p 65.2 5:33a 0.0 10.9 0.00 0.2 11.0 5:12p NE
5 76.3 89.3 4:39p 62.7 6:05a 0.2 11.5 0.00 0.1 6.0 10:32a NNE
6 73.1 78.6 4:32p 69.3 5:28a 0.0 8.1 0.52 0.0 8.0 3:43p NNE
7 70.9 85.3 1:57p 64.3 11:30p 0.0 6.0 0.48 0.8 25.0 2:26p SSW
8 70.9 83.2 4:07p 62.1 11:58p 0.3 6.2 0.01 0.5 18.0 4:45p WSW
9 68.9 82.0 4:40p 54.7 6:30a 2.6 6.5 0.00 0.4 13.0 12:24p SW
10 67.8 84.3 3:10p 58.0 3:20a 1.9 4.7 1.65 0.7 24.0 3:21p SSW
11 74.4 82.8 2:18p 66.0 4:28a 0.0 9.4 0.25 1.5 27.0 3:43a SSW
12 80.1 89.3 4:32p 72.0 12:51a 0.0 15.1 0.00 0.8 21.0 2:25p SSW
13 75.1 78.8 12:01a 70.8 4:08p 0.0 10.1 1.88 0.6 15.0 10:17p SSW
14 77.5 87.6 5:05p 68.9 11:52p 0.0 12.5 0.15 0.3 14.0 6:47p SW
15 74.1 85.5 3:38p 63.7 6:35a 0.1 9.2 0.00 0.1 8.0 3:38p NW
16 73.4 86.3 3:27p 60.2 4:25a 1.0 9.4 0.00 0.2 12.0 2:14p SW
17 76.2 88.6 5:06p 65.5 5:02a 0.0 11.2 0.00 0.1 7.0 10:01a NNE
18 77.8 90.5 5:13p 65.6 6:22a 0.0 12.8 0.00 0.0 7.0 1:28p SSW
19 79.6 91.6 3:25p 68.3 6:17a 0.0 14.5 0.00 0.1 11.0 5:39p SW
20 77.8 88.6 1:10p 66.3 6:30a 0.0 12.8 0.04 0.5 18.0 2:26p SW
21 76.6 82.4 5:39p 71.3 10:44a 0.0 11.6 0.66 0.3 18.0 10:01a SW
22 73.8 83.8 3:12p 69.6 7:49a 0.0 8.8 1.18 0.2 27.0 7:38a SSW
23 74.4 81.6 1:35p 66.9 11:22p 0.0 9.4 0.76 0.6 18.0 8:52p SSW
24 71.9 83.8 3:12p 62.6 11:59p 0.1 7.0 0.01 1.0 14.0 4:21p NNW
25 65.6 75.6 2:32p 54.7 6:38a 2.8 3.4 0.00 0.1 6.0 11:16a NNE
26 69.0 84.3 5:01p 54.7 6:03a 2.9 7.0 0.00 0.1 8.0 5:46p SSW
27 69.8 80.5 11:36a 62.7 2:46a 0.3 5.1 0.60 0.1 11.0 12:06p SSW
28 73.5 83.6 4:08p 66.0 11:52p 0.0 8.5 0.01 1.3 18.0 7:47p NNW
29 68.7 80.9 4:55p 58.6 6:17a 1.4 5.1 0.00 1.2 16.0 10:26a NNE
30 71.8 87.2 3:02p 56.3 6:36a 2.4 9.1 0.00 0.3 10.0 12:58p NNW
31 73.5 88.4 5:33p 58.4 6:39a 1.1 9.7 0.00 0.0 6.0 12:10p NE
-------------------------------------------------------------------------------------
73.7 91.6 19 54.7 9 18.3 287.5 8.39 0.4 27.0 11 SSW
Max >= 90.0: 2
Max <= 32.0: 0
Min <= 32.0: 0
Min <= 0.0: 0
Max Rain: 1.88 ON 07/13/17
Days of Rain: 12 (>.01 in) 11 (>.1 in) 3 (>1 in)
Heat Base: 65.0 Cool Base: 65.0 Method: Integration
|