2024: Jan | Feb | Mar | Apr | May | Jun | Jul | Aug | Sep | Oct | Nov | Dec
2023: Jan | Feb | Mar | Apr | May | Jun | Jul | Aug | Sep | Oct | Nov | Dec
2022: Jan | Feb | Mar | Apr | May | Jun | Jul | Aug | Sep | Oct | Nov | Dec
2021: Jan | Feb | Mar | Apr | May | Jun | Jul | Aug | Sep | Oct | Nov | Dec
2020: Jan | Feb | Mar | Apr | May | Jun | Jul | Aug | Sep | Oct | Nov | Dec
2019: Jan | Feb | Mar | Apr | May | Jun | Jul | Aug | Sep | Oct | Nov | Dec
2018: Jan | Feb | Mar | Apr | May | Jun | Jul | Aug | Sep | Oct | Nov | Dec
2017: Jan | Feb | Mar | Apr | May | Jun | Jul | Aug | Sep | Oct | Nov | Dec
2016: Jan | Feb | Mar | Apr | May | Jun | Jul | Aug | Sep | Oct | Nov | Dec
2015: Jan | Feb | Mar | Apr | May | Jun | Jul | Aug | Sep | Oct | Nov | Dec
2014: Jan | Feb | Mar | Apr | May | Jun | Jul | Aug | Sep | Oct | Nov | Dec
2013: Jan | Feb | Mar | Apr | May | Jun | Jul | Aug | Sep | Oct | Nov | Dec
2012: Jan | Feb | Mar | Apr | May | Jun | Jul | Aug | Sep | Oct | Nov | Dec
2011: Jan | Feb | Mar | Apr | May | Jun | Jul | Aug | Sep | Oct | Nov | Dec
2010: Jan | Feb | Mar | Apr | May | Jun | Jul | Aug | Sep | Oct | Nov | Dec
2009: Jan | Feb | Mar | Apr | May | Jun | Jul | Aug | Sep | Oct | Nov | Dec
2008: Jan | Feb | Mar | Apr | May | Jun | Jul | Aug | Sep | Oct | Nov | Dec
2007: Jan | Feb | Mar | Apr | May | Jun | Jul | Aug | Sep | Oct | Nov | Dec
2006: Jan | Feb | Mar | Apr | May | Jun | Jul | Aug | Sep | Oct | Nov | Dec
2005: Jan | Feb | Mar | Apr | May | Jun | Jul | Aug | Sep | Oct | Nov | Dec
2004: Jan | Feb | Mar | Apr | May | Jun | Jul | Aug | Sep | Oct | Nov | Dec
2003: Jan | Feb | Mar | Apr | May | Jun | Jul | Aug | Sep | Oct | Nov | Dec
Report for 2019 08
MONTHLY CLIMATOLOGICAL SUMMARY for AUG. 2019
NAME: Station1 CITY: Lancaster STATE: Ohio
ELEV: 958 ft LAT: 39° 45' 15" N LONG: 82° 34' 05" W
TEMPERATURE (°F), RAIN (in), WIND SPEED (mph)
HEAT COOL AVG
MEAN DEG DEG WIND DOM
DAY TEMP HIGH TIME LOW TIME DAYS DAYS RAIN SPEED HIGH TIME DIR
------------------------------------------------------------------------------------
1 73.2 84.1 4:32p 66.8 6:24a 0.0 8.2 0.28 0.4 12.0 1:05p NNE
2 75.2 88.0 4:44p 64.7 5:33a 0.0 10.2 0.00 0.2 8.0 10:34a NNE
3 74.1 88.0 3:41p 61.3 6:29a 0.5 9.6 0.00 0.1 8.0 1:07p NNW
4 73.7 89.5 4:41p 57.8 6:46a 1.5 10.2 0.00 0.1 8.0 1:51p NW
5 75.5 90.3 3:09p 63.1 6:30a 0.2 10.6 0.00 0.1 8.0 2:04p SW
6 73.8 87.0 12:36p 64.5 6:38a 0.0 8.8 0.21 0.8 27.0 4:48p SSW
7 73.6 84.3 3:13p 66.3 3:08a 0.0 8.6 0.00 0.6 14.0 12:53p SSW
8 72.3 88.0 3:18p 60.9 5:57a 0.8 8.0 0.07 0.8 34.0 7:52p SW
9 72.4 84.5 4:28p 61.2 11:56p 0.2 7.6 0.00 0.4 11.0 1:46p NW
10 68.4 84.1 4:10p 54.8 6:51a 2.9 6.3 0.00 0.3 8.0 2:08p NNW
11 69.4 85.9 4:40p 54.1 6:25a 3.1 7.5 0.00 0.0 6.0 2:01p NNE
12 73.4 86.3 2:32p 59.3 6:35a 1.2 9.5 0.00 0.2 12.0 2:46p SSW
13 75.0 83.8 4:48p 70.3 6:44a 0.0 10.0 0.65 0.7 16.0 1:24p SSW
14 74.9 88.2 4:31p 66.1 11:54p 0.0 9.8 0.15 0.2 17.0 6:09p NNW
15 74.2 87.0 4:54p 63.4 7:01a 0.1 9.3 0.00 0.6 16.0 12:54p WSW
16 73.8 86.5 4:05p 62.0 6:33a 0.5 9.2 0.00 0.1 11.0 12:06p WSW
17 74.7 87.0 3:21p 64.0 6:03a 0.1 9.8 0.00 0.3 14.0 12:45p SSW
18 79.3 91.0 3:00p 67.6 4:15a 0.0 14.2 0.00 0.4 14.0 4:43p SSW
19 77.6 91.0 5:21p 64.5 6:52a 0.0 12.6 0.00 0.3 24.0 12:40a NNW
20 78.7 91.6 3:30p 68.3 6:07a 0.0 13.7 0.00 0.3 13.0 12:45a SSW
21 75.5 86.3 5:09p 68.4 11:59p 0.0 10.5 0.00 0.8 17.0 10:00a SW
22 71.3 79.2 2:08p 65.0 3:04a 0.0 6.3 0.30 0.3 17.0 8:57a WSW
23 67.5 76.8 4:14p 57.5 11:55p 1.1 3.7 0.25 0.6 13.0 1:46p NNE
24 65.3 79.4 3:37p 53.1 6:50a 4.2 4.6 0.00 0.4 12.0 3:00p NNE
25 66.1 79.8 4:41p 53.2 6:58a 3.5 4.6 0.00 0.1 9.0 12:21p E
26 64.8 70.3 1:54p 59.8 5:33a 1.4 1.2 0.22 0.2 12.0 1:32p ESE
27 69.8 76.1 5:01p 66.6 12:08a 0.0 4.8 1.16 0.2 16.0 5:07p SSW
28 70.4 81.4 3:57p 58.3 11:57p 0.6 5.9 0.00 0.5 14.0 11:14a SW
29 67.4 81.1 5:03p 53.3 7:07a 3.3 5.8 0.00 0.5 13.0 1:11p SW
30 75.2 87.0 4:07p 65.5 1:19a 0.0 10.2 0.00 0.9 18.0 7:16a SW
31 69.1 80.3 3:07p 62.7 12:00m 0.2 4.3 0.01 0.3 8.0 11:18a NNE
-------------------------------------------------------------------------------------
72.4 91.6 20 53.1 24 25.4 255.6 3.30 0.4 34.0 8 SW
Max >= 90.0: 4
Max <= 32.0: 0
Min <= 32.0: 0
Min <= 0.0: 0
Max Rain: 1.16 ON 08/27/19
Days of Rain: 9 (>.01 in) 8 (>.1 in) 1 (>1 in)
Heat Base: 65.0 Cool Base: 65.0 Method: Integration
|