2024: Jan | Feb | Mar | Apr | May | Jun | Jul | Aug | Sep | Oct | Nov | Dec
2023: Jan | Feb | Mar | Apr | May | Jun | Jul | Aug | Sep | Oct | Nov | Dec
2022: Jan | Feb | Mar | Apr | May | Jun | Jul | Aug | Sep | Oct | Nov | Dec
2021: Jan | Feb | Mar | Apr | May | Jun | Jul | Aug | Sep | Oct | Nov | Dec
2020: Jan | Feb | Mar | Apr | May | Jun | Jul | Aug | Sep | Oct | Nov | Dec
2019: Jan | Feb | Mar | Apr | May | Jun | Jul | Aug | Sep | Oct | Nov | Dec
2018: Jan | Feb | Mar | Apr | May | Jun | Jul | Aug | Sep | Oct | Nov | Dec
2017: Jan | Feb | Mar | Apr | May | Jun | Jul | Aug | Sep | Oct | Nov | Dec
2016: Jan | Feb | Mar | Apr | May | Jun | Jul | Aug | Sep | Oct | Nov | Dec
2015: Jan | Feb | Mar | Apr | May | Jun | Jul | Aug | Sep | Oct | Nov | Dec
2014: Jan | Feb | Mar | Apr | May | Jun | Jul | Aug | Sep | Oct | Nov | Dec
2013: Jan | Feb | Mar | Apr | May | Jun | Jul | Aug | Sep | Oct | Nov | Dec
2012: Jan | Feb | Mar | Apr | May | Jun | Jul | Aug | Sep | Oct | Nov | Dec
2011: Jan | Feb | Mar | Apr | May | Jun | Jul | Aug | Sep | Oct | Nov | Dec
2010: Jan | Feb | Mar | Apr | May | Jun | Jul | Aug | Sep | Oct | Nov | Dec
2009: Jan | Feb | Mar | Apr | May | Jun | Jul | Aug | Sep | Oct | Nov | Dec
2008: Jan | Feb | Mar | Apr | May | Jun | Jul | Aug | Sep | Oct | Nov | Dec
2007: Jan | Feb | Mar | Apr | May | Jun | Jul | Aug | Sep | Oct | Nov | Dec
2006: Jan | Feb | Mar | Apr | May | Jun | Jul | Aug | Sep | Oct | Nov | Dec
2005: Jan | Feb | Mar | Apr | May | Jun | Jul | Aug | Sep | Oct | Nov | Dec
2004: Jan | Feb | Mar | Apr | May | Jun | Jul | Aug | Sep | Oct | Nov | Dec
2003: Jan | Feb | Mar | Apr | May | Jun | Jul | Aug | Sep | Oct | Nov | Dec
Report for 2020 11
MONTHLY CLIMATOLOGICAL SUMMARY for NOV. 2020
NAME: Station1 CITY: Lancaster STATE: Ohio
ELEV: 958 ft LAT: 39° 45' 15" N LONG: 82° 34' 05" W
TEMPERATURE (°F), RAIN (in), WIND SPEED (mph)
HEAT COOL AVG
MEAN DEG DEG WIND DOM
DAY TEMP HIGH TIME LOW TIME DAYS DAYS RAIN SPEED HIGH TIME DIR
------------------------------------------------------------------------------------
1 45.0 55.4 11:47a 34.7 7:33p 19.9 0.0 0.00 4.0 32.0 12:52p W
2 38.4 48.5 2:57p 28.5 7:09a 26.6 0.0 0.00 1.5 27.0 3:28p WSW
3 48.4 63.2 2:38p 38.2 3:11a 16.6 0.0 0.00 1.4 14.0 1:38p WSW
4 52.9 71.1 2:41p 37.0 6:06a 13.1 0.9 0.00 1.0 21.0 12:35p SSW
5 55.3 69.3 1:33p 41.1 7:04a 10.3 0.6 0.00 1.0 15.0 11:40a SSW
6 53.5 72.5 2:36p 37.8 6:56a 12.7 1.2 0.00 0.3 12.0 12:15p SSW
7 53.8 77.2 4:13p 37.6 4:55a 13.3 2.2 0.00 0.0 8.0 12:58p SSW
8 58.2 79.8 2:40p 41.9 5:05a 10.0 3.3 0.00 0.1 7.0 3:11p E
9 59.5 77.0 2:23p 45.1 5:18a 8.5 3.0 0.00 0.2 13.0 4:03p SSE
10 65.8 79.4 3:00p 51.3 12:36a 3.8 4.6 0.09 0.5 17.0 1:57p S
11 55.9 67.3 2:43a 38.8 11:58p 9.1 0.1 0.41 1.0 17.0 3:56a NNW
12 41.9 56.5 3:08p 32.5 6:51a 23.1 0.0 0.00 0.5 10.0 10:16a NNE
13 43.7 56.9 2:11p 33.8 1:47a 21.3 0.0 0.00 1.1 17.0 12:49p W
14 40.7 53.5 2:43p 25.7 6:54a 24.3 0.0 0.00 0.5 10.0 12:36p E
15 51.3 59.8 6:14a 45.1 8:11p 13.6 0.0 0.28 4.9 34.0 2:48p S
16 44.0 51.0 3:22p 37.5 8:33p 21.0 0.0 0.00 3.7 27.0 1:41a WSW
17 39.5 46.1 12:01a 34.4 9:46p 25.5 0.0 0.00 3.5 25.0 12:54p NW
18 36.1 47.0 3:20p 26.6 7:11a 28.9 0.0 0.00 0.2 10.0 12:27a SW
19 51.9 67.3 2:19p 35.3 2:38a 13.3 0.1 0.00 3.0 27.0 9:56a S
20 57.2 62.3 4:16p 49.8 4:10a 7.8 0.0 0.00 2.6 25.0 10:29a SSW
21 48.2 55.7 1:11a 44.3 8:24p 16.7 0.0 0.13 0.2 8.0 11:19a NNE
22 43.7 54.4 5:18p 36.3 11:28p 21.3 0.0 0.31 1.5 19.0 4:44p NW
23 39.1 49.2 1:58p 33.2 11:20p 25.9 0.0 0.00 0.9 17.0 12:27a WSW
24 38.0 43.5 12:19p 30.4 4:18a 26.9 0.0 0.00 0.5 8.0 12:40p E
25 45.6 55.1 9:54p 36.6 12:32a 19.4 0.0 0.63 0.7 18.0 11:30p S
26 53.1 53.3 12:01a 52.8 12:18a 1.1 0.0 0.00 5.1 24.0 12:34a SW
27
28
29 42.8 54.8 2:14p 27.3 7:15a 17.8 0.0 0.00 0.2 10.0 1:01p S
30 36.0 44.2 12:30a 30.3 11:35p 29.0 0.0 0.96 2.2 18.0 8:23a NW
-------------------------------------------------------------------------------------
47.8 79.8 8 25.7 14 480.8 16.0 2.81 1.5 34.0 15 SSW
Max >= 90.0: 0
Max <= 32.0: 0
Min <= 32.0: 6
Min <= 0.0: 0
Max Rain: 0.96 ON 11/30/20
Days of Rain: 7 (>.01 in) 6 (>.1 in) 0 (>1 in)
Heat Base: 65.0 Cool Base: 65.0 Method: Integration
|