2024: Jan | Feb | Mar | Apr | May | Jun | Jul | Aug | Sep | Oct | Nov | Dec
2023: Jan | Feb | Mar | Apr | May | Jun | Jul | Aug | Sep | Oct | Nov | Dec
2022: Jan | Feb | Mar | Apr | May | Jun | Jul | Aug | Sep | Oct | Nov | Dec
2021: Jan | Feb | Mar | Apr | May | Jun | Jul | Aug | Sep | Oct | Nov | Dec
2020: Jan | Feb | Mar | Apr | May | Jun | Jul | Aug | Sep | Oct | Nov | Dec
2019: Jan | Feb | Mar | Apr | May | Jun | Jul | Aug | Sep | Oct | Nov | Dec
2018: Jan | Feb | Mar | Apr | May | Jun | Jul | Aug | Sep | Oct | Nov | Dec
2017: Jan | Feb | Mar | Apr | May | Jun | Jul | Aug | Sep | Oct | Nov | Dec
2016: Jan | Feb | Mar | Apr | May | Jun | Jul | Aug | Sep | Oct | Nov | Dec
2015: Jan | Feb | Mar | Apr | May | Jun | Jul | Aug | Sep | Oct | Nov | Dec
2014: Jan | Feb | Mar | Apr | May | Jun | Jul | Aug | Sep | Oct | Nov | Dec
2013: Jan | Feb | Mar | Apr | May | Jun | Jul | Aug | Sep | Oct | Nov | Dec
2012: Jan | Feb | Mar | Apr | May | Jun | Jul | Aug | Sep | Oct | Nov | Dec
2011: Jan | Feb | Mar | Apr | May | Jun | Jul | Aug | Sep | Oct | Nov | Dec
2010: Jan | Feb | Mar | Apr | May | Jun | Jul | Aug | Sep | Oct | Nov | Dec
2009: Jan | Feb | Mar | Apr | May | Jun | Jul | Aug | Sep | Oct | Nov | Dec
2008: Jan | Feb | Mar | Apr | May | Jun | Jul | Aug | Sep | Oct | Nov | Dec
2007: Jan | Feb | Mar | Apr | May | Jun | Jul | Aug | Sep | Oct | Nov | Dec
2006: Jan | Feb | Mar | Apr | May | Jun | Jul | Aug | Sep | Oct | Nov | Dec
2005: Jan | Feb | Mar | Apr | May | Jun | Jul | Aug | Sep | Oct | Nov | Dec
2004: Jan | Feb | Mar | Apr | May | Jun | Jul | Aug | Sep | Oct | Nov | Dec
2003: Jan | Feb | Mar | Apr | May | Jun | Jul | Aug | Sep | Oct | Nov | Dec
Report for 2021 02
MONTHLY CLIMATOLOGICAL SUMMARY for FEB. 2021
NAME: Station1 CITY: Lancaster STATE: Ohio
ELEV: 958 ft LAT: 39° 45' 15" N LONG: 82° 34' 05" W
TEMPERATURE (°F), RAIN (in), WIND SPEED (mph)
HEAT COOL AVG
MEAN DEG DEG WIND DOM
DAY TEMP HIGH TIME LOW TIME DAYS DAYS RAIN SPEED HIGH TIME DIR
------------------------------------------------------------------------------------
1 28.3 32.4 12:01a 24.8 7:11p 36.6 0.0 0.09 2.9 17.0 2:27p NNW
2 24.8 27.3 12:59p 21.9 11:43p 40.1 0.0 0.07 2.5 17.0 2:34p NW
3 23.5 33.1 3:39p 14.9 11:59p 41.5 0.0 0.00 1.0 14.0 2:29p W
4 25.8 37.8 11:34p 11.4 5:08a 39.2 0.0 0.07 1.5 28.0 11:17p ESE
5 31.5 37.6 12:01a 27.0 8:59a 33.4 0.0 0.00 3.7 31.0 1:59a WSW
6 24.6 32.4 2:36p 17.8 7:38a 40.4 0.0 0.00 1.1 16.0 2:01a W
7 18.7 24.2 1:19p 12.9 11:50p 46.2 0.0 0.00 1.5 12.0 9:02a NW
8 22.8 35.8 3:19p 12.9 12:01a 42.1 0.0 0.17 0.2 6.0 3:04p NNE
9 26.5 32.2 3:36p 17.2 11:43p 38.3 0.0 0.35 0.4 7.0 10:33a NNW
10 19.8 25.3 2:52p 14.6 6:04a 44.9 0.0 0.10 0.4 10.0 4:16p NNE
11 22.8 28.4 2:41p 18.8 6:04a 42.1 0.0 0.01 1.0 14.0 4:25a N
12 25.7 32.4 4:24p 19.9 12:01a 39.3 0.0 0.00 0.8 12.0 3:55a NNW
13 26.6 30.6 11:47a 24.2 8:34a 38.4 0.0 0.00 0.4 8.0 8:09a N
14 24.3 29.4 1:40p 19.4 6:42a 40.6 0.0 0.00 1.2 10.0 9:26a NNW
15 23.3 27.6 11:29p 19.7 3:10a 41.7 0.0 0.38 1.2 15.0 4:33p N
16 18.9 27.8 12:42a 7.2 11:41p 46.0 0.0 0.13 1.5 22.0 2:06p W
17 16.4 26.4 3:03p 3.5 3:07a 48.6 0.0 0.01 0.1 7.0 2:18p NNE
18 26.1 31.2 3:55p 21.8 1:37a 38.8 0.0 0.08 0.1 7.0 9:08p N
19 23.1 26.4 12:01a 16.4 11:56p 41.8 0.0 0.00 1.1 14.0 2:01p W
20 19.8 28.4 3:47p 10.7 12:00m 45.1 0.0 0.00 1.1 16.0 9:32a WSW
21 23.7 38.5 3:23p 5.2 5:32a 41.3 0.0 0.00 1.1 10.0 2:27p ESE
22 38.1 41.9 5:13a 34.4 10:54p 26.9 0.0 0.02 3.9 25.0 10:18a SSW
23 40.6 48.6 3:44p 31.2 11:54p 24.4 0.0 0.02 3.5 27.0 11:47a SSW
24 44.4 62.7 1:54p 29.1 2:01a 20.6 0.0 0.08 2.7 31.0 11:53a S
25 37.2 45.4 2:54p 28.7 7:30a 27.8 0.0 0.00 1.0 13.0 1:29p NNW
26 37.7 46.7 4:34p 27.2 5:50a 27.3 0.0 0.00 1.8 13.0 3:13p E
27 45.8 55.1 4:22p 39.9 9:39p 19.2 0.0 0.03 1.2 12.0 5:25a SE
28 52.2 59.9 5:46p 41.2 12:39a 12.7 0.0 0.71 1.1 16.0 6:18p SSW
-------------------------------------------------------------------------------------
28.3 62.7 24 3.5 17 1025.3 0.0 2.32 1.4 31.0 5 NNW
Max >= 90.0: 0
Max <= 32.0: 12
Min <= 32.0: 25
Min <= 0.0: 0
Max Rain: 0.71 ON 02/28/21
Days of Rain: 14 (>.01 in) 5 (>.1 in) 0 (>1 in)
Heat Base: 65.0 Cool Base: 65.0 Method: Integration
|