2024: Jan | Feb | Mar | Apr | May | Jun | Jul | Aug | Sep | Oct | Nov | Dec
2023: Jan | Feb | Mar | Apr | May | Jun | Jul | Aug | Sep | Oct | Nov | Dec
2022: Jan | Feb | Mar | Apr | May | Jun | Jul | Aug | Sep | Oct | Nov | Dec
2021: Jan | Feb | Mar | Apr | May | Jun | Jul | Aug | Sep | Oct | Nov | Dec
2020: Jan | Feb | Mar | Apr | May | Jun | Jul | Aug | Sep | Oct | Nov | Dec
2019: Jan | Feb | Mar | Apr | May | Jun | Jul | Aug | Sep | Oct | Nov | Dec
2018: Jan | Feb | Mar | Apr | May | Jun | Jul | Aug | Sep | Oct | Nov | Dec
2017: Jan | Feb | Mar | Apr | May | Jun | Jul | Aug | Sep | Oct | Nov | Dec
2016: Jan | Feb | Mar | Apr | May | Jun | Jul | Aug | Sep | Oct | Nov | Dec
2015: Jan | Feb | Mar | Apr | May | Jun | Jul | Aug | Sep | Oct | Nov | Dec
2014: Jan | Feb | Mar | Apr | May | Jun | Jul | Aug | Sep | Oct | Nov | Dec
2013: Jan | Feb | Mar | Apr | May | Jun | Jul | Aug | Sep | Oct | Nov | Dec
2012: Jan | Feb | Mar | Apr | May | Jun | Jul | Aug | Sep | Oct | Nov | Dec
2011: Jan | Feb | Mar | Apr | May | Jun | Jul | Aug | Sep | Oct | Nov | Dec
2010: Jan | Feb | Mar | Apr | May | Jun | Jul | Aug | Sep | Oct | Nov | Dec
2009: Jan | Feb | Mar | Apr | May | Jun | Jul | Aug | Sep | Oct | Nov | Dec
2008: Jan | Feb | Mar | Apr | May | Jun | Jul | Aug | Sep | Oct | Nov | Dec
2007: Jan | Feb | Mar | Apr | May | Jun | Jul | Aug | Sep | Oct | Nov | Dec
2006: Jan | Feb | Mar | Apr | May | Jun | Jul | Aug | Sep | Oct | Nov | Dec
2005: Jan | Feb | Mar | Apr | May | Jun | Jul | Aug | Sep | Oct | Nov | Dec
2004: Jan | Feb | Mar | Apr | May | Jun | Jul | Aug | Sep | Oct | Nov | Dec
2003: Jan | Feb | Mar | Apr | May | Jun | Jul | Aug | Sep | Oct | Nov | Dec
Report for 2021 03
MONTHLY CLIMATOLOGICAL SUMMARY for MAR. 2021
NAME: Station1 CITY: Lancaster STATE: Ohio
ELEV: 958 ft LAT: 39° 45' 15" N LONG: 82° 34' 05" W
TEMPERATURE (°F), RAIN (in), WIND SPEED (mph)
HEAT COOL AVG
MEAN DEG DEG WIND DOM
DAY TEMP HIGH TIME LOW TIME DAYS DAYS RAIN SPEED HIGH TIME DIR
------------------------------------------------------------------------------------
1 40.0 56.6 12:01a 28.2 11:47p 24.9 0.0 0.18 3.4 27.0 3:28p NW
2 31.5 44.9 3:42p 20.8 6:44a 33.4 0.0 0.00 0.8 14.0 12:19a NNW
3 42.3 59.8 3:22p 23.6 6:32a 22.7 0.0 0.00 2.1 22.0 1:09p SW
4 35.7 44.3 12:01a 24.5 11:54p 29.3 0.0 0.00 2.9 20.0 2:35p NNW
5 30.8 42.2 2:44p 19.5 6:42a 34.1 0.0 0.00 1.6 21.0 1:12p NNW
6 33.6 43.5 3:17p 26.0 6:44a 31.4 0.0 0.00 1.7 17.0 2:53p NNW
7 33.4 46.1 3:54p 22.5 3:38a 31.6 0.0 0.00 1.1 14.0 1:22p NW
8 43.7 63.1 4:01p 21.1 6:41a 21.3 0.0 0.00 1.8 19.0 3:36p SSW
9 53.4 66.9 5:06p 38.2 11:45p 11.3 0.1 0.00 0.8 17.0 1:20p SSW
10 56.4 71.8 3:20p 36.5 1:42a 9.5 1.3 0.00 2.2 27.0 3:23p SSW
11 60.3 65.6 12:09a 54.1 8:51a 4.6 0.0 0.70 4.1 28.0 6:34a SSW
12 51.4 60.5 4:22p 42.3 7:07a 13.0 0.0 0.11 1.5 16.0 11:56p NW
13 41.0 51.6 3:34p 31.8 6:57a 22.9 0.0 0.00 0.5 9.0 12:08a NW
14 42.2 56.3 3:33p 29.4 7:49a 20.8 0.0 0.00 2.3 18.0 3:45p NNW
15 32.9 39.9 4:58p 25.6 7:43a 30.8 0.0 0.09 1.9 14.0 1:42p E
16 47.4 56.2 12:25p 37.8 12:01a 17.0 0.0 0.17 0.9 25.0 5:25a ESE
17 51.4 64.7 2:52p 35.5 7:27a 13.3 0.0 0.01 0.4 11.0 3:07p E
18 48.7 53.9 12:01a 40.5 11:57p 16.3 0.0 1.38 2.3 25.0 6:57p NNE
19 40.7 52.2 4:24p 30.9 7:43a 24.3 0.0 0.00 2.7 24.0 1:01a NNE
20 42.9 62.6 5:13p 26.9 6:30a 22.1 0.0 0.00 0.5 10.0 1:41p NNE
21 48.9 66.4 5:03p 30.7 7:14a 16.2 0.1 0.00 0.6 10.0 11:42a ESE
22 53.2 70.6 3:19p 36.9 3:27a 12.6 0.9 0.00 0.3 12.0 10:37a E
23 56.5 68.8 4:10p 41.1 2:29a 9.0 0.5 0.00 0.9 13.0 10:51a ESE
24 64.6 75.4 5:43p 56.3 7:09a 2.8 2.4 0.00 2.4 24.0 2:13p SSW
25 59.7 70.9 2:50p 46.1 7:32a 5.9 0.6 0.06 1.2 25.0 11:48p ESE
26 58.1 64.0 3:40a 49.6 12:00m 6.9 0.0 0.02 4.2 36.0 4:51a WSW
27 54.9 72.8 5:00p 37.8 7:34a 11.0 1.0 0.00 0.5 17.0 5:03p S
28 49.8 58.4 12:24a 39.3 10:07p 15.1 0.0 0.35 2.7 29.0 1:29p W
29 43.5 57.8 5:51p 30.3 7:32a 21.5 0.0 0.01 0.3 13.0 11:52a WSW
30 56.7 73.7 4:08p 37.2 6:37a 10.4 2.0 0.00 1.9 25.0 11:57a S
31 50.4 67.4 12:33a 38.3 11:55p 14.7 0.1 0.52 2.2 21.0 8:03a NW
-------------------------------------------------------------------------------------
47.0 75.4 24 19.5 5 560.7 9.0 3.60 1.7 36.0 26 SSW
Max >= 90.0: 0
Max <= 32.0: 0
Min <= 32.0: 15
Min <= 0.0: 0
Max Rain: 1.38 ON 03/18/21
Days of Rain: 10 (>.01 in) 7 (>.1 in) 1 (>1 in)
Heat Base: 65.0 Cool Base: 65.0 Method: Integration
|