Weather Information | Photos of Local Events | Personal Weather Stations Links | Lancaster Links | Site Map

NOAA Report Archive
(Reports Generated by WeatherLink)
2017: Jan | Feb | Mar | Apr | May | Jun | Jul | Aug | Sep | Oct | Nov | Dec 
2016: Jan | Feb | Mar | Apr | May | Jun | Jul | Aug | Sep | Oct | Nov | Dec 
2015: Jan | Feb | Mar | Apr | May | Jun | Jul | Aug | Sep | Oct | Nov | Dec 
2014: Jan | Feb | Mar | Apr | May | Jun | Jul | Aug | Sep | Oct | Nov | Dec 
2013: Jan | Feb | Mar | Apr | May | Jun | Jul | Aug | Sep | Oct | Nov | Dec 
2012: Jan | Feb | Mar | Apr | May | Jun | Jul | Aug | Sep | Oct | Nov | Dec 
2011: Jan | Feb | Mar | Apr | May | Jun | Jul | Aug | Sep | Oct | Nov | Dec 
2010: Jan | Feb | Mar | Apr | May | Jun | Jul | Aug | Sep | Oct | Nov | Dec 
2009: Jan | Feb | Mar | Apr | May | Jun | Jul | Aug | Sep | Oct | Nov | Dec 
2008: Jan | Feb | Mar | Apr | May | Jun | Jul | Aug | Sep | Oct | Nov | Dec 
2007: Jan | Feb | Mar | Apr | May | Jun | Jul | Aug | Sep | Oct | Nov | Dec 
2006: Jan | Feb | Mar | Apr | May | Jun | Jul | Aug | Sep | Oct | Nov | Dec 
2005: Jan | Feb | Mar | Apr | May | Jun | Jul | Aug | Sep | Oct | Nov | Dec 
2004: Jan | Feb | Mar | Apr | May | Jun | Jul | Aug | Sep | Oct | Nov | Dec 
2003: Jan | Feb | Mar | Apr | May | Jun | Jul | Aug | Sep | Oct | Nov | Dec 

Report for 2017 06
MONTHLY CLIMATOLOGICAL SUMMARY for JUN. 2017 NAME: Station1 CITY: Lancaster STATE: Ohio ELEV: 958 ft LAT: 39 45' 15" N LONG: 82 34' 05" W TEMPERATURE (F), RAIN (in), WIND SPEED (mph) HEAT COOL AVG MEAN DEG DEG WIND DOM DAY TEMP HIGH TIME LOW TIME DAYS DAYS RAIN SPEED HIGH TIME DIR ------------------------------------------------------------------------------------ 1 65.9 80.9 5:06p 47.7 6:39a 4.7 5.6 0.00 0.2 12.0 11:18a SW 2 67.3 84.3 4:22p 48.9 6:13a 4.8 7.2 0.00 0.1 11.0 5:41p N 3 70.6 88.2 4:06p 50.4 6:05a 4.1 9.7 0.00 0.2 11.0 2:03p NNW 4 72.9 88.6 3:11p 58.1 6:28a 1.2 9.1 0.35 0.8 18.0 3:38p SSW 5 70.5 81.4 3:12p 60.5 12:00m 0.2 5.7 0.01 0.3 12.0 5:47p N 6 62.8 73.3 3:07p 51.6 5:26a 4.1 2.0 0.00 1.4 17.0 3:36p NNW 7 59.5 66.4 2:50p 52.9 3:53a 5.5 0.0 0.00 0.8 13.0 1:03p NNE 8 63.6 79.2 5:14p 49.5 3:00a 5.3 3.9 0.00 0.2 12.0 10:49a NNE 9 67.7 83.0 3:23p 48.3 5:54a 4.7 7.5 0.00 0.6 17.0 3:01p SSW 10 75.4 86.1 4:51p 65.3 6:08a 0.0 10.4 0.00 0.8 17.0 6:00p SSW 11 76.7 89.0 4:09p 62.3 6:30a 0.4 12.0 0.00 0.9 19.0 12:16p SSW 12 78.9 91.6 4:59p 62.6 6:21a 0.2 14.0 0.00 0.5 14.0 4:40p SSW 13 77.7 87.4 4:50p 70.3 6:30a 0.0 12.7 0.72 0.6 22.0 6:18a SW 14 76.3 87.2 3:22p 66.4 6:33a 0.0 11.3 0.00 0.4 14.0 10:22a SSW 15 76.8 86.1 5:01p 68.6 6:30a 0.0 11.7 0.00 0.4 14.0 4:21p WSW 16 78.9 93.6 5:33p 67.4 4:09a 0.0 13.9 0.00 0.1 11.0 6:04p NNW 17 79.2 90.1 4:45p 67.4 6:33a 0.0 14.0 0.00 0.3 14.0 4:59p SSW 18 77.8 85.1 1:05p 68.4 11:58p 0.0 12.7 0.63 2.0 29.0 3:51p SSW 19 69.7 82.2 3:45p 59.5 11:57p 0.4 5.1 0.68 0.8 20.0 4:46p WSW 20 69.1 81.6 3:02p 55.3 5:04a 2.6 6.8 0.01 0.4 16.0 3:24p WSW 21 73.5 86.1 3:21p 60.9 1:27a 0.8 9.3 0.07 0.3 16.0 4:01p SSW 22 77.7 84.3 1:08p 71.1 11:55p 0.0 12.7 0.01 1.1 18.0 4:23p SSW 23 70.6 80.5 1:40p 66.6 10:22p 0.0 5.6 1.74 1.4 29.0 11:41a SSW 24 70.5 79.6 5:28p 61.0 6:21a 0.5 6.1 0.17 0.6 16.0 2:39p WSW 25 67.0 78.3 3:01p 52.8 6:26a 2.7 4.6 0.00 1.2 21.0 3:14p WSW 26 63.0 74.0 4:52p 51.1 6:12a 4.6 2.6 0.05 0.8 18.0 3:37p WSW 27 60.6 74.9 4:16p 50.4 6:07a 4.2 1.2 0.00 0.5 12.0 12:43p NNW 28 29 30 ------------------------------------------------------------------------------------- 71.1 93.6 16 47.7 1 51.0 217.4 4.44 0.7 29.0 18 SSW Max >= 90.0: 3 Max <= 32.0: 0 Min <= 32.0: 0 Min <= 0.0: 0 Max Rain: 1.74 ON 06/23/17 Days of Rain: 8 (>.01 in) 6 (>.1 in) 1 (>1 in) Heat Base: 65.0 Cool Base: 65.0 Method: Integration
 
USA Weather Finder