Weather Information | Photos of Local Events | Personal Weather Stations Links | Lancaster Links | Site Map

NOAA Report Archive
(Reports Generated by WeatherLink)
2021: Jan | Feb | Mar | Apr | May | Jun | Jul | Aug | Sep | Oct | Nov | Dec 
2020: Jan | Feb | Mar | Apr | May | Jun | Jul | Aug | Sep | Oct | Nov | Dec 
2019: Jan | Feb | Mar | Apr | May | Jun | Jul | Aug | Sep | Oct | Nov | Dec 
2018: Jan | Feb | Mar | Apr | May | Jun | Jul | Aug | Sep | Oct | Nov | Dec 
2017: Jan | Feb | Mar | Apr | May | Jun | Jul | Aug | Sep | Oct | Nov | Dec 
2016: Jan | Feb | Mar | Apr | May | Jun | Jul | Aug | Sep | Oct | Nov | Dec 
2015: Jan | Feb | Mar | Apr | May | Jun | Jul | Aug | Sep | Oct | Nov | Dec 
2014: Jan | Feb | Mar | Apr | May | Jun | Jul | Aug | Sep | Oct | Nov | Dec 
2013: Jan | Feb | Mar | Apr | May | Jun | Jul | Aug | Sep | Oct | Nov | Dec 
2012: Jan | Feb | Mar | Apr | May | Jun | Jul | Aug | Sep | Oct | Nov | Dec 
2011: Jan | Feb | Mar | Apr | May | Jun | Jul | Aug | Sep | Oct | Nov | Dec 
2010: Jan | Feb | Mar | Apr | May | Jun | Jul | Aug | Sep | Oct | Nov | Dec 
2009: Jan | Feb | Mar | Apr | May | Jun | Jul | Aug | Sep | Oct | Nov | Dec 
2008: Jan | Feb | Mar | Apr | May | Jun | Jul | Aug | Sep | Oct | Nov | Dec 
2007: Jan | Feb | Mar | Apr | May | Jun | Jul | Aug | Sep | Oct | Nov | Dec 
2006: Jan | Feb | Mar | Apr | May | Jun | Jul | Aug | Sep | Oct | Nov | Dec 
2005: Jan | Feb | Mar | Apr | May | Jun | Jul | Aug | Sep | Oct | Nov | Dec 
2004: Jan | Feb | Mar | Apr | May | Jun | Jul | Aug | Sep | Oct | Nov | Dec 
2003: Jan | Feb | Mar | Apr | May | Jun | Jul | Aug | Sep | Oct | Nov | Dec 

Report for 2021 10
MONTHLY CLIMATOLOGICAL SUMMARY for OCT. 2021 NAME: Station1 CITY: Lancaster STATE: Ohio ELEV: 958 ft LAT: 39 45' 15" N LONG: 82 34' 05" W TEMPERATURE (F), RAIN (in), WIND SPEED (mph) HEAT COOL AVG MEAN DEG DEG WIND DOM DAY TEMP HIGH TIME LOW TIME DAYS DAYS RAIN SPEED HIGH TIME DIR ------------------------------------------------------------------------------------ 1 59.5 76.5 3:36p 45.1 7:21a 8.4 2.9 0.00 0.1 7.0 12:45p E 2 61.9 79.8 3:32p 44.9 7:18a 7.0 3.9 0.00 0.2 14.0 5:53p S 3 68.0 71.3 3:19p 65.0 11:31p 0.0 3.0 0.32 0.4 13.0 12:56p SSW 4 67.6 75.8 3:20p 61.0 11:56p 0.3 2.9 0.00 0.2 11.0 1:12p SSW 5 67.0 83.8 4:12p 56.3 5:13a 2.9 4.9 0.01 0.1 8.0 4:52p NE 6 69.4 81.2 4:37p 63.2 7:27a 0.2 4.6 0.24 0.1 8.0 11:35a E 7 68.4 73.7 5:56p 65.0 11:36p 0.0 3.4 0.06 0.1 7.0 5:12p E 8 67.8 78.5 4:43p 61.3 7:43a 0.9 3.6 0.00 0.1 7.0 11:59a SSW 9 66.3 77.6 4:52p 60.5 11:57p 1.5 2.8 0.00 0.2 10.0 3:50p ESE 10 68.7 80.5 3:28p 60.2 12:09a 1.4 5.1 0.00 0.6 18.0 2:38p SE 11 69.7 82.2 3:13p 59.5 4:37a 1.5 6.2 0.00 0.3 12.0 2:26p SE 12 70.2 80.3 3:35p 62.1 11:59p 0.1 5.3 0.00 0.9 18.0 3:41p SSW 13 64.5 76.7 3:46p 54.8 3:44a 3.2 2.7 0.00 0.2 11.0 3:46p SW 14 70.5 83.4 4:00p 61.3 4:16a 1.0 6.5 0.00 0.3 13.0 4:05p SSW 15 70.7 79.8 11:40a 66.3 7:20a 0.0 5.7 0.07 1.1 21.0 1:37p SSW 16 59.1 66.8 12:01a 52.0 8:41a 4.4 0.1 1.25 1.6 21.0 2:37a NW 17 18 19 20 21 22 23 24 25 26 27 28 29 30 31 ------------------------------------------------------------------------------------- 66.8 83.8 5 44.9 2 32.8 63.6 1.95 0.4 21.0 15 SSW Max >= 90.0: 0 Max <= 32.0: 0 Min <= 32.0: 0 Min <= 0.0: 0 Max Rain: 1.25 ON 10/16/21 Days of Rain: 5 (>.01 in) 3 (>.1 in) 1 (>1 in) Heat Base: 65.0 Cool Base: 65.0 Method: Integration

USA Weather Finder