Weather Information | Photos of Local Events | Personal Weather Stations Links | Lancaster Links | Site Map

NOAA Report Archive
(Reports Generated by WeatherLink)
2018: Jan | Feb | Mar | Apr | May | Jun | Jul | Aug | Sep | Oct | Nov | Dec 
2017: Jan | Feb | Mar | Apr | May | Jun | Jul | Aug | Sep | Oct | Nov | Dec 
2016: Jan | Feb | Mar | Apr | May | Jun | Jul | Aug | Sep | Oct | Nov | Dec 
2015: Jan | Feb | Mar | Apr | May | Jun | Jul | Aug | Sep | Oct | Nov | Dec 
2014: Jan | Feb | Mar | Apr | May | Jun | Jul | Aug | Sep | Oct | Nov | Dec 
2013: Jan | Feb | Mar | Apr | May | Jun | Jul | Aug | Sep | Oct | Nov | Dec 
2012: Jan | Feb | Mar | Apr | May | Jun | Jul | Aug | Sep | Oct | Nov | Dec 
2011: Jan | Feb | Mar | Apr | May | Jun | Jul | Aug | Sep | Oct | Nov | Dec 
2010: Jan | Feb | Mar | Apr | May | Jun | Jul | Aug | Sep | Oct | Nov | Dec 
2009: Jan | Feb | Mar | Apr | May | Jun | Jul | Aug | Sep | Oct | Nov | Dec 
2008: Jan | Feb | Mar | Apr | May | Jun | Jul | Aug | Sep | Oct | Nov | Dec 
2007: Jan | Feb | Mar | Apr | May | Jun | Jul | Aug | Sep | Oct | Nov | Dec 
2006: Jan | Feb | Mar | Apr | May | Jun | Jul | Aug | Sep | Oct | Nov | Dec 
2005: Jan | Feb | Mar | Apr | May | Jun | Jul | Aug | Sep | Oct | Nov | Dec 
2004: Jan | Feb | Mar | Apr | May | Jun | Jul | Aug | Sep | Oct | Nov | Dec 
2003: Jan | Feb | Mar | Apr | May | Jun | Jul | Aug | Sep | Oct | Nov | Dec 

Report for 2018 04
MONTHLY CLIMATOLOGICAL SUMMARY for APR. 2018 NAME: Station1 CITY: Lancaster STATE: Ohio ELEV: 958 ft LAT: 39 45' 15" N LONG: 82 34' 05" W TEMPERATURE (F), RAIN (in), WIND SPEED (mph) HEAT COOL AVG MEAN DEG DEG WIND DOM DAY TEMP HIGH TIME LOW TIME DAYS DAYS RAIN SPEED HIGH TIME DIR ------------------------------------------------------------------------------------ 1 44.2 51.3 3:59p 33.8 11:58p 20.8 0.0 0.04 3.0 16.0 4:21a NNW 2 36.9 41.8 3:23p 31.2 7:31a 28.1 0.0 0.22 0.4 8.0 2:48p E 3 50.6 62.1 8:16p 40.6 12:01a 14.4 0.0 2.41 2.0 36.0 7:10p S 4 39.8 61.3 1:44a 31.6 12:00m 25.2 0.0 0.08 6.6 31.0 7:35a W 5 38.0 48.3 5:15p 30.3 7:19a 26.9 0.0 0.00 1.9 18.0 11:59a WSW 6 45.0 59.8 3:39p 29.4 11:56p 20.0 0.0 0.06 3.6 25.0 12:28p SSW 7 32.7 42.8 5:28p 26.9 2:36a 32.2 0.0 0.05 1.8 18.0 12:11a N 8 35.1 43.9 3:25p 25.0 7:17a 29.9 0.0 0.00 1.5 12.0 2:20a NNW 9 35.0 40.3 4:48p 29.3 6:56a 29.9 0.0 0.00 0.7 10.0 12:49a ENE 10 38.1 46.1 3:55p 27.8 6:29a 26.9 0.0 0.00 0.7 11.0 11:00a NW 11 47.2 62.4 5:06p 32.9 2:26a 17.8 0.0 0.00 2.5 21.0 1:56p SSW 12 65.4 77.7 4:46p 53.5 6:56a 3.9 4.3 0.00 5.8 45.0 2:51p SSW 13 72.8 84.1 4:58p 62.3 11:55p 0.1 7.9 0.00 4.7 29.0 9:55a SSW 14 64.9 78.8 12:51p 53.1 6:13a 2.6 2.6 0.14 1.4 25.0 11:23a S 15 53.2 62.0 2:49p 46.0 10:07p 11.8 0.0 2.41 1.1 31.0 2:57p WNW 16 37.7 46.0 12:01a 32.2 6:30p 27.3 0.0 0.04 3.7 29.0 4:48p W 17 33.4 37.0 5:15p 30.3 11:51p 31.6 0.0 0.03 2.9 24.0 4:19p WSW 18 42.1 59.5 5:22p 26.1 6:35a 22.9 0.0 0.21 0.5 16.0 9:40p E 19 42.5 51.7 5:23p 35.0 6:56a 22.5 0.0 0.02 3.0 20.0 4:11a NW 20 45.2 58.9 4:26p 29.8 6:52a 19.8 0.0 0.00 1.2 13.0 2:40p NNE 21 46.9 61.5 4:15p 30.1 6:23a 18.0 0.0 0.00 0.5 13.0 1:15p NNE 22 54.2 69.1 5:22p 42.2 6:39a 11.2 0.4 0.00 0.3 11.0 12:30p NNE 23 55.1 68.1 12:35p 47.0 6:48a 5.6 0.1 0.00 1.4 13.0 11:45a ESE 24 25 26 27 28 29 30 ------------------------------------------------------------------------------------- 45.9 84.1 13 25.0 8 449.4 15.3 5.71 2.2 45.0 12 SSW Max >= 90.0: 0 Max <= 32.0: 0 Min <= 32.0: 12 Min <= 0.0: 0 Max Rain: 2.41 ON 04/03/18 Days of Rain: 12 (>.01 in) 5 (>.1 in) 2 (>1 in) Heat Base: 65.0 Cool Base: 65.0 Method: Integration
 
USA Weather Finder