Weather Information | Photos of Local Events | Personal Weather Stations Links | Lancaster Links | Site Map

NOAA Report Archive
(Reports Generated by WeatherLink)
2021: Jan | Feb | Mar | Apr | May | Jun | Jul | Aug | Sep | Oct | Nov | Dec 
2020: Jan | Feb | Mar | Apr | May | Jun | Jul | Aug | Sep | Oct | Nov | Dec 
2019: Jan | Feb | Mar | Apr | May | Jun | Jul | Aug | Sep | Oct | Nov | Dec 
2018: Jan | Feb | Mar | Apr | May | Jun | Jul | Aug | Sep | Oct | Nov | Dec 
2017: Jan | Feb | Mar | Apr | May | Jun | Jul | Aug | Sep | Oct | Nov | Dec 
2016: Jan | Feb | Mar | Apr | May | Jun | Jul | Aug | Sep | Oct | Nov | Dec 
2015: Jan | Feb | Mar | Apr | May | Jun | Jul | Aug | Sep | Oct | Nov | Dec 
2014: Jan | Feb | Mar | Apr | May | Jun | Jul | Aug | Sep | Oct | Nov | Dec 
2013: Jan | Feb | Mar | Apr | May | Jun | Jul | Aug | Sep | Oct | Nov | Dec 
2012: Jan | Feb | Mar | Apr | May | Jun | Jul | Aug | Sep | Oct | Nov | Dec 
2011: Jan | Feb | Mar | Apr | May | Jun | Jul | Aug | Sep | Oct | Nov | Dec 
2010: Jan | Feb | Mar | Apr | May | Jun | Jul | Aug | Sep | Oct | Nov | Dec 
2009: Jan | Feb | Mar | Apr | May | Jun | Jul | Aug | Sep | Oct | Nov | Dec 
2008: Jan | Feb | Mar | Apr | May | Jun | Jul | Aug | Sep | Oct | Nov | Dec 
2007: Jan | Feb | Mar | Apr | May | Jun | Jul | Aug | Sep | Oct | Nov | Dec 
2006: Jan | Feb | Mar | Apr | May | Jun | Jul | Aug | Sep | Oct | Nov | Dec 
2005: Jan | Feb | Mar | Apr | May | Jun | Jul | Aug | Sep | Oct | Nov | Dec 
2004: Jan | Feb | Mar | Apr | May | Jun | Jul | Aug | Sep | Oct | Nov | Dec 
2003: Jan | Feb | Mar | Apr | May | Jun | Jul | Aug | Sep | Oct | Nov | Dec 

Report for 2021 01
MONTHLY CLIMATOLOGICAL SUMMARY for JAN. 2021 NAME: Station1 CITY: Lancaster STATE: Ohio ELEV: 958 ft LAT: 39 45' 15" N LONG: 82 34' 05" W TEMPERATURE (F), RAIN (in), WIND SPEED (mph) HEAT COOL AVG MEAN DEG DEG WIND DOM DAY TEMP HIGH TIME LOW TIME DAYS DAYS RAIN SPEED HIGH TIME DIR ------------------------------------------------------------------------------------ 1 37.3 51.9 9:59p 29.3 2:57a 27.5 0.0 0.92 1.4 19.0 10:07p ENE 2 41.3 46.4 12:01a 38.3 9:10a 23.7 0.0 0.00 0.9 24.0 5:16a WSW 3 38.8 40.9 1:29p 36.0 11:02p 26.2 0.0 0.05 0.8 16.0 2:20p WSW 4 34.8 36.3 3:04p 29.4 11:41p 30.2 0.0 0.00 0.1 10.0 11:03a SSW 5 32.9 36.9 11:13a 28.4 1:45a 32.0 0.0 0.00 0.8 13.0 2:11p NW 6 35.2 37.2 2:24p 33.5 5:47a 29.8 0.0 0.00 0.4 11.0 12:28a NNW 7 34.7 36.8 3:04p 32.2 11:58p 29.8 0.0 0.00 0.3 10.0 11:16a N 8 31.6 39.8 3:30p 27.0 11:16p 33.3 0.0 0.00 1.4 13.0 11:33a N 9 29.9 39.8 3:28p 25.6 11:58p 35.1 0.0 0.00 0.3 7.0 3:49a N 10 30.2 42.9 2:57p 21.3 6:23a 34.8 0.0 0.00 0.2 7.0 12:05p WSW 11 29.6 33.1 12:29p 24.7 11:39p 35.4 0.0 0.00 0.8 13.0 3:04p SW 12 24.6 27.5 4:35p 19.9 3:04a 40.4 0.0 0.00 1.1 13.0 3:26p SSW 13 35.0 47.7 3:13p 21.0 1:31a 30.0 0.0 0.00 1.8 17.0 9:36a SSW 14 40.4 48.0 2:21p 31.8 8:01a 24.6 0.0 0.00 0.8 14.0 12:09p S 15 37.9 42.6 3:57p 30.7 11:24p 27.1 0.0 0.21 0.8 17.0 1:55p SSW 16 31.9 34.1 12:40p 29.0 4:55a 33.1 0.0 0.07 1.4 20.0 11:46p WSW 17 33.9 35.5 1:40p 33.2 12:01a 21.7 0.0 0.05 1.8 18.0 12:18a SW 18 19 20 21 22 23 24 25 26 27 28 29 30 31 ------------------------------------------------------------------------------------- 34.1 51.9 1 19.9 12 514.7 0.0 1.30 0.9 24.0 2 SSW Max >= 90.0: 0 Max <= 32.0: 1 Min <= 32.0: 12 Min <= 0.0: 0 Max Rain: 0.92 ON 01/01/21 Days of Rain: 5 (>.01 in) 2 (>.1 in) 0 (>1 in) Heat Base: 65.0 Cool Base: 65.0 Method: Integration
 
USA Weather Finder