2024: Jan | Feb | Mar | Apr | May | Jun | Jul | Aug | Sep | Oct | Nov | Dec
2023: Jan | Feb | Mar | Apr | May | Jun | Jul | Aug | Sep | Oct | Nov | Dec
2022: Jan | Feb | Mar | Apr | May | Jun | Jul | Aug | Sep | Oct | Nov | Dec
2021: Jan | Feb | Mar | Apr | May | Jun | Jul | Aug | Sep | Oct | Nov | Dec
2020: Jan | Feb | Mar | Apr | May | Jun | Jul | Aug | Sep | Oct | Nov | Dec
2019: Jan | Feb | Mar | Apr | May | Jun | Jul | Aug | Sep | Oct | Nov | Dec
2018: Jan | Feb | Mar | Apr | May | Jun | Jul | Aug | Sep | Oct | Nov | Dec
2017: Jan | Feb | Mar | Apr | May | Jun | Jul | Aug | Sep | Oct | Nov | Dec
2016: Jan | Feb | Mar | Apr | May | Jun | Jul | Aug | Sep | Oct | Nov | Dec
2015: Jan | Feb | Mar | Apr | May | Jun | Jul | Aug | Sep | Oct | Nov | Dec
2014: Jan | Feb | Mar | Apr | May | Jun | Jul | Aug | Sep | Oct | Nov | Dec
2013: Jan | Feb | Mar | Apr | May | Jun | Jul | Aug | Sep | Oct | Nov | Dec
2012: Jan | Feb | Mar | Apr | May | Jun | Jul | Aug | Sep | Oct | Nov | Dec
2011: Jan | Feb | Mar | Apr | May | Jun | Jul | Aug | Sep | Oct | Nov | Dec
2010: Jan | Feb | Mar | Apr | May | Jun | Jul | Aug | Sep | Oct | Nov | Dec
2009: Jan | Feb | Mar | Apr | May | Jun | Jul | Aug | Sep | Oct | Nov | Dec
2008: Jan | Feb | Mar | Apr | May | Jun | Jul | Aug | Sep | Oct | Nov | Dec
2007: Jan | Feb | Mar | Apr | May | Jun | Jul | Aug | Sep | Oct | Nov | Dec
2006: Jan | Feb | Mar | Apr | May | Jun | Jul | Aug | Sep | Oct | Nov | Dec
2005: Jan | Feb | Mar | Apr | May | Jun | Jul | Aug | Sep | Oct | Nov | Dec
2004: Jan | Feb | Mar | Apr | May | Jun | Jul | Aug | Sep | Oct | Nov | Dec
2003: Jan | Feb | Mar | Apr | May | Jun | Jul | Aug | Sep | Oct | Nov | Dec
Report for 2007
ANNUAL CLIMATOLOGICAL SUMMARY
*Please note weather station was down for repairs April 2007.
NOAA report data for April and the 2007 year end totals are incomplete.*
NAME: Station1 CITY: Lancaster STATE: Ohio
ELEV: 980 ft LAT: 39° 45' 13" N LONG: 82° 34' 06" W
TEMPERATURE (°F), HEAT BASE 65.0, COOL BASE 65.0
DEP. HEAT COOL
MEAN MEAN FROM DEG DEG MAX MAX MIN MIN
YR MO MAX MIN MEAN NORM DAYS DAYS HI DATE LOW DATE >=90 <=32 <=32 <=0
------------------------------------------------------------------------------------
07 1 40.8 26.1 33.7 7.7 967 0 60.7 5 11.7 17 0 8 23 0
07 2 29.6 11.7 21.4 -8.6 1220 0 53.2 25 -5.6 15 0 16 28 5
07 3 56.3 36.0 46.4 6.4 552 22 85.7 24 13.5 6 0 2 13 0
07 4 73.8 61.5 68.3 18.3 18 1484 85.3 30 49.2 29 0 0 0 0
07 5 79.4 49.7 64.9 4.9 164 159 89.0 30 32.2 19 0 0 0 0
07 6 83.6 57.0 70.2 1.2 64 219 94.6 18 43.0 10 4 0 0 0
07 7 82.6 57.8 69.8 -3.2 61 210 90.8 9 44.0 2 2 0 0 0
07 8 87.6 63.1 74.8 3.8 24 328 96.3 9 50.7 14 12 0 0 0
07 9 81.9 52.3 66.0 1.0 139 170 93.9 5 34.7 16 3 0 0 0
07 10 70.2 46.9 57.8 4.8 293 71 89.7 8 25.5 29 0 0 5 0
07 11 51.6 31.5 41.5 -0.5 704 0 66.8 21 16.8 24 0 0 20 0
07 12 41.4 26.0 33.4 1.4 980 0 64.5 11 3.2 6 0 4 24 0
------------------------------------------------------------------------------------
64.7 42.6 53.5 3.1 5185 2663 96.3 AUG -5.6 FEB 21 30 113 5
PRECIPITATION (in)
DEP. MAX DAYS OF RAIN
FROM OBS. OVER
YR MO TOTAL NORM DAY DATE .01 .1 1
---------------------------------------------
07 1 3.62 1.28 0.96 13 13 8 0
07 2 1.86 -0.29 0.79 13 8 5 0
07 3 4.21 1.62 1.38 15 9 5 1
07 4 2.39 -0.65 2.29 30 3 1 1
07 5 0.87 -3.17 0.49 16 5 2 0
07 6 2.65 -1.29 0.82 28 12 7 0
07 7 3.40 -0.86 1.02 27 8 6 1
07 8 4.56 1.12 1.29 22 9 7 2
07 9 2.25 -0.30 0.87 27 6 5 0
07 10 2.96 0.58 1.64 23 7 6 1
07 11 2.15 -0.84 1.06 26 8 5 1
07 12 3.12 0.29 0.80 2 14 10 0
---------------------------------------------
34.04 -2.51 2.29 APR 102 67 7
WIND SPEED (mph)
DOM
YR MO AVG. HI DATE DIR
---------------------------------
07 1 3.7 33.0 12 SSW
07 2 2.5 43.0 3 W
07 3 3.1 46.0 2 SSW
07 4 0.9 38.0 23 SSW
07 5 1.7 39.0 16 SSW
07 6 1.5 35.0 4 SW
07 7 1.3 35.0 17 SW
07 8 0.9 35.0 16 SW
07 9 0.7 28.0 7 SSW
07 10 1.5 33.0 19 SSW
07 11 2.4 34.0 5 SSW
07 12 2.7 42.0 23 SW
---------------------------------
1.9 46.0 MAR SSW
|