Weather Information | Photos of Local Events | Personal Weather Stations Links | Lancaster Links | Site Map

NOAA Report Archive
(Reports Generated by WeatherLink)
2017: Jan | Feb | Mar | Apr | May | Jun | Jul | Aug | Sep | Oct | Nov | Dec 
2016: Jan | Feb | Mar | Apr | May | Jun | Jul | Aug | Sep | Oct | Nov | Dec 
2015: Jan | Feb | Mar | Apr | May | Jun | Jul | Aug | Sep | Oct | Nov | Dec 
2014: Jan | Feb | Mar | Apr | May | Jun | Jul | Aug | Sep | Oct | Nov | Dec 
2013: Jan | Feb | Mar | Apr | May | Jun | Jul | Aug | Sep | Oct | Nov | Dec 
2012: Jan | Feb | Mar | Apr | May | Jun | Jul | Aug | Sep | Oct | Nov | Dec 
2011: Jan | Feb | Mar | Apr | May | Jun | Jul | Aug | Sep | Oct | Nov | Dec 
2010: Jan | Feb | Mar | Apr | May | Jun | Jul | Aug | Sep | Oct | Nov | Dec 
2009: Jan | Feb | Mar | Apr | May | Jun | Jul | Aug | Sep | Oct | Nov | Dec 
2008: Jan | Feb | Mar | Apr | May | Jun | Jul | Aug | Sep | Oct | Nov | Dec 
2007: Jan | Feb | Mar | Apr | May | Jun | Jul | Aug | Sep | Oct | Nov | Dec 
2006: Jan | Feb | Mar | Apr | May | Jun | Jul | Aug | Sep | Oct | Nov | Dec 
2005: Jan | Feb | Mar | Apr | May | Jun | Jul | Aug | Sep | Oct | Nov | Dec 
2004: Jan | Feb | Mar | Apr | May | Jun | Jul | Aug | Sep | Oct | Nov | Dec 
2003: Jan | Feb | Mar | Apr | May | Jun | Jul | Aug | Sep | Oct | Nov | Dec 

Report for 2014
ANNUAL CLIMATOLOGICAL SUMMARY NAME: Station1 CITY: Lancaster STATE: Ohio ELEV: 958 ft LAT: 39 45' 15" N LONG: 82 34' 05" W TEMPERATURE (F), HEAT BASE 65.0, COOL BASE 65.0 DEP. HEAT COOL MEAN MEAN FROM DEG DEG MAX MAX MIN MIN YR MO MAX MIN MEAN NORM DAYS DAYS HI DATE LOW DATE >=90 <=32 <=32 <=0 ------------------------------------------------------------------------------------ 14 1 32.6 12.5 22.4 -3.6 1320 0 54.4 11 -14.3 28 0 13 26 7 14 2 36.1 17.0 26.4 -3.6 1080 0 63.1 20 -4.8 12 0 12 24 3 14 3 49.1 26.2 37.2 -2.8 862 1 69.4 11 6.0 4 0 1 22 0 14 4 66.0 41.1 53.9 3.9 370 36 80.5 13 23.2 16 0 0 4 0 14 5 75.5 51.9 63.4 3.4 179 130 88.8 28 33.8 18 0 0 0 0 14 6 83.1 61.4 71.9 2.9 37 244 90.7 18 46.5 14 2 0 0 0 14 7 81.9 60.3 70.9 -2.1 43 226 91.4 1 48.5 5 2 0 0 0 14 8 84.1 61.3 71.9 0.9 35 250 91.4 27 45.7 16 2 0 0 0 14 9 78.3 52.3 64.5 -0.5 151 137 90.5 4 37.3 23 2 0 0 0 14 10 63.8 44.1 53.8 0.8 371 27 85.3 2 31.5 30 0 0 1 0 14 11 47.2 29.5 39.0 -3.0 768 1 71.6 11 11.2 18 0 4 19 0 14 12 42.9 30.7 36.6 4.6 873 0 62.0 1 14.8 31 0 3 19 0 ------------------------------------------------------------------------------------ 61.9 40.8 51.1 0.1 6088 1052 91.4 JUL -14.3 JAN 8 33 115 10 PRECIPITATION (in) DEP. MAX DAYS OF RAIN FROM OBS. OVER YR MO TOTAL NORM DAY DATE .01 .1 1 --------------------------------------------- 14 1 1.84 -0.50 0.77 11 11 4 0 14 2 2.49 0.34 0.87 5 11 7 0 14 3 1.86 -0.73 0.84 29 7 4 0 14 4 5.90 2.86 1.28 29 13 11 2 14 5 3.73 -0.31 1.11 12 12 7 1 14 6 3.96 0.02 1.11 4 12 7 1 14 7 3.65 -0.61 1.03 13 16 10 1 14 8 2.55 -0.89 0.59 21 9 7 0 14 9 1.63 -0.92 0.67 2 5 4 0 14 10 2.67 0.29 0.84 14 14 8 0 14 11 1.18 -1.81 0.44 17 10 3 0 14 12 3.00 0.17 1.01 6 9 8 1 --------------------------------------------- 34.46 -2.09 1.28 APR 129 80 6 WIND SPEED (mph) DOM YR MO AVG. HI DATE DIR --------------------------------- 14 1 2.5 35.0 25 SSW 14 2 1.7 34.0 21 WSW 14 3 2.6 38.0 14 N 14 4 2.0 43.0 4 SSW 14 5 1.0 31.0 9 SSW 14 6 0.5 26.0 18 SSW 14 7 0.7 30.0 8 SW 14 8 0.3 25.0 12 SW 14 9 0.5 27.0 10 SSW 14 10 1.2 31.0 4 SSW 14 11 2.5 44.0 24 SSW 14 12 1.6 43.0 24 W --------------------------------- 1.4 44.0 NOV SSW
 
USA Weather Finder