Weather Information | Photos of Local Events | Personal Weather Stations Links | Lancaster Links | Site Map

NOAA Report Archive
(Reports Generated by WeatherLink)
2018: Jan | Feb | Mar | Apr | May | Jun | Jul | Aug | Sep | Oct | Nov | Dec 
2017: Jan | Feb | Mar | Apr | May | Jun | Jul | Aug | Sep | Oct | Nov | Dec 
2016: Jan | Feb | Mar | Apr | May | Jun | Jul | Aug | Sep | Oct | Nov | Dec 
2015: Jan | Feb | Mar | Apr | May | Jun | Jul | Aug | Sep | Oct | Nov | Dec 
2014: Jan | Feb | Mar | Apr | May | Jun | Jul | Aug | Sep | Oct | Nov | Dec 
2013: Jan | Feb | Mar | Apr | May | Jun | Jul | Aug | Sep | Oct | Nov | Dec 
2012: Jan | Feb | Mar | Apr | May | Jun | Jul | Aug | Sep | Oct | Nov | Dec 
2011: Jan | Feb | Mar | Apr | May | Jun | Jul | Aug | Sep | Oct | Nov | Dec 
2010: Jan | Feb | Mar | Apr | May | Jun | Jul | Aug | Sep | Oct | Nov | Dec 
2009: Jan | Feb | Mar | Apr | May | Jun | Jul | Aug | Sep | Oct | Nov | Dec 
2008: Jan | Feb | Mar | Apr | May | Jun | Jul | Aug | Sep | Oct | Nov | Dec 
2007: Jan | Feb | Mar | Apr | May | Jun | Jul | Aug | Sep | Oct | Nov | Dec 
2006: Jan | Feb | Mar | Apr | May | Jun | Jul | Aug | Sep | Oct | Nov | Dec 
2005: Jan | Feb | Mar | Apr | May | Jun | Jul | Aug | Sep | Oct | Nov | Dec 
2004: Jan | Feb | Mar | Apr | May | Jun | Jul | Aug | Sep | Oct | Nov | Dec 
2003: Jan | Feb | Mar | Apr | May | Jun | Jul | Aug | Sep | Oct | Nov | Dec 

Report for 2018
ANNUAL CLIMATOLOGICAL SUMMARY NAME: Station1 CITY: Lancaster STATE: Ohio ELEV: 958 ft LAT: 39 45' 15" N LONG: 82 34' 05" W TEMPERATURE (F), HEAT BASE 65.0, COOL BASE 65.0 DEP. HEAT COOL MEAN MEAN FROM DEG DEG MAX MAX MIN MIN YR MO MAX MIN MEAN NORM DAYS DAYS HI DATE LOW DATE >=90 <=32 <=32 <=0 ------------------------------------------------------------------------------------ 18 1 36.3 18.8 27.3 1.3 1165 0 62.4 22 -6.8 3 0 14 25 6 18 2 48.3 30.2 39.5 9.5 719 6 79.2 20 7.0 5 0 5 15 0 18 3 47.1 29.5 37.9 -2.1 838 0 61.0 19 20.5 10 0 0 23 0 18 4 58.3 37.0 47.3 -2.7 548 17 84.1 13 25.0 8 0 0 12 0 18 5 82.9 59.2 70.6 10.6 53 226 91.2 28 38.2 1 3 0 0 0 18 6 83.0 62.6 71.9 2.9 27 235 94.3 18 47.6 7 4 0 0 0 18 7 85.8 63.9 74.1 1.1 16 292 96.3 4 52.8 8 8 0 0 0 18 8 85.3 65.5 74.2 3.2 13 293 92.9 28 51.6 23 5 0 0 0 18 9 80.5 61.6 69.9 4.9 56 203 95.1 3 45.8 28 9 0 0 0 18 10 65.8 46.5 55.4 2.4 374 78 88.2 7 31.6 22 0 0 1 0 18 11 45.4 32.5 38.6 -3.4 743 0 64.7 1 20.5 11 0 2 15 0 18 12 43.8 33.1 38.0 6.0 243 0 66.3 2 20.5 11 0 1 6 0 ------------------------------------------------------------------------------------ 64.7 45.7 54.6 2.8 4795 1350 96.3 JUL -6.8 JAN 29 22 97 6 PRECIPITATION (in) DEP. MAX DAYS OF RAIN FROM OBS. OVER YR MO TOTAL NORM DAY DATE .01 .1 1 --------------------------------------------- 18 1 2.41 0.07 0.65 12 9 6 0 18 2 5.02 2.87 0.81 22 15 12 0 18 3 3.70 1.11 0.89 1 10 7 0 18 4 6.39 3.35 2.41 3 14 6 2 18 5 2.86 -1.18 0.67 19 12 8 0 18 6 9.16 5.22 1.33 19 15 14 4 18 7 3.10 -1.16 0.78 31 10 5 0 18 8 4.92 1.48 1.31 10 11 10 1 18 9 5.22 2.67 1.26 9 11 6 2 18 10 3.71 1.33 0.79 6 14 12 0 18 11 4.14 1.15 1.11 15 11 7 1 18 12 1.94 -0.89 0.97 15 5 2 0 --------------------------------------------- 52.57 16.02 2.41 APR 137 95 10 WIND SPEED (mph) DOM YR MO AVG. HI DATE DIR --------------------------------- 18 1 1.8 31.0 22 SSW 18 2 1.8 32.0 15 SSW 18 3 2.0 29.0 1 N 18 4 2.1 45.0 12 SSW 18 5 0.8 36.0 14 SSW 18 6 0.4 28.0 26 SSW 18 7 0.2 26.0 16 SSW 18 8 0.4 24.0 29 SSW 18 9 0.3 26.0 21 SSW 18 10 0.8 31.0 20 SSW 18 11 1.3 30.0 6 WSW 18 12 1.2 25.0 2 SSW --------------------------------- 1.1 45.0 APR SSW
 
USA Weather Finder