Weather Information | Photos of Local Events | Personal Weather Stations Links | Lancaster Links | Site Map

NOAA Report Archive
(Reports Generated by WeatherLink)
2017: Jan | Feb | Mar | Apr | May | Jun | Jul | Aug | Sep | Oct | Nov | Dec 
2016: Jan | Feb | Mar | Apr | May | Jun | Jul | Aug | Sep | Oct | Nov | Dec 
2015: Jan | Feb | Mar | Apr | May | Jun | Jul | Aug | Sep | Oct | Nov | Dec 
2014: Jan | Feb | Mar | Apr | May | Jun | Jul | Aug | Sep | Oct | Nov | Dec 
2013: Jan | Feb | Mar | Apr | May | Jun | Jul | Aug | Sep | Oct | Nov | Dec 
2012: Jan | Feb | Mar | Apr | May | Jun | Jul | Aug | Sep | Oct | Nov | Dec 
2011: Jan | Feb | Mar | Apr | May | Jun | Jul | Aug | Sep | Oct | Nov | Dec 
2010: Jan | Feb | Mar | Apr | May | Jun | Jul | Aug | Sep | Oct | Nov | Dec 
2009: Jan | Feb | Mar | Apr | May | Jun | Jul | Aug | Sep | Oct | Nov | Dec 
2008: Jan | Feb | Mar | Apr | May | Jun | Jul | Aug | Sep | Oct | Nov | Dec 
2007: Jan | Feb | Mar | Apr | May | Jun | Jul | Aug | Sep | Oct | Nov | Dec 
2006: Jan | Feb | Mar | Apr | May | Jun | Jul | Aug | Sep | Oct | Nov | Dec 
2005: Jan | Feb | Mar | Apr | May | Jun | Jul | Aug | Sep | Oct | Nov | Dec 
2004: Jan | Feb | Mar | Apr | May | Jun | Jul | Aug | Sep | Oct | Nov | Dec 
2003: Jan | Feb | Mar | Apr | May | Jun | Jul | Aug | Sep | Oct | Nov | Dec 

Report for 2008
2008 ANNUAL CLIMATOLOGICAL SUMMARY NAME: Station1 CITY: Lancaster STATE: Ohio ELEV: 980 ft LAT: 39 45' 13" N LONG: 82 34' 06" W TEMPERATURE (F), HEAT BASE 65.0, COOL BASE 65.0 DEP. HEAT COOL MEAN MEAN FROM DEG DEG MAX MAX MIN MIN YR MO MAX MIN MEAN NORM DAYS DAYS HI DATE LOW DATE >=90 <=32 <=32 <=0 ------------------------------------------------------------------------------------ 08 1 37.9 20.5 28.9 2.9 1118 1 68.1 7 -2.3 25 0 12 26 1 08 2 38.2 20.6 29.4 -0.6 1032 0 60.5 6 -3.1 21 0 8 24 1 08 3 48.4 30.5 39.3 -0.7 796 1 71.6 3 12.1 9 0 1 20 0 08 4 66.8 41.6 54.6 4.6 353 41 84.1 25 25.3 15 0 0 3 0 08 5 71.6 46.8 59.4 -0.6 237 65 84.7 31 37.0 19 0 0 0 0 08 6 83.5 60.4 71.8 2.8 41 244 92.5 6 49.4 2 4 0 0 0 08 7 85.6 61.7 73.8 0.8 25 297 92.3 17 52.2 1 5 0 0 0 08 8 84.4 58.9 71.1 0.1 50 240 92.9 24 50.5 16 3 0 0 0 08 9 81.0 55.1 67.4 2.4 98 170 92.9 3 44.1 10 3 0 0 0 08 10 65.9 40.2 52.4 -0.6 427 37 83.8 12 21.6 30 0 0 7 0 08 11 49.7 30.7 40.0 -2.0 760 9 75.1 4 11.7 23 0 2 16 0 08 12 41.9 23.2 32.3 0.3 1014 1 69.3 27 2.2 22 0 6 28 0 ------------------------------------------------------------------------------------ 63.0 40.9 51.8 0.8 5952 1106 92.9 AUG -3.1 FEB 15 29 124 2 PRECIPITATION (in) DEP. MAX DAYS OF RAIN FROM OBS. OVER YR MO TOTAL NORM DAY DATE .01 .1 1 --------------------------------------------- 08 1 1.76 -0.58 0.52 10 14 3 0 08 2 3.86 1.71 0.84 6 15 10 0 08 3 6.92 4.33 1.47 4 14 11 3 08 4 1.66 -1.38 0.60 4 9 5 0 08 5 4.29 0.25 0.91 15 14 12 0 08 6 8.04 4.10 2.83 26 12 10 2 08 7 3.06 -1.20 1.21 22 6 5 1 08 8 2.69 -0.75 0.78 27 7 5 0 08 9 0.86 -1.69 0.34 12 7 2 0 08 10 1.13 -1.25 0.62 8 5 2 0 08 11 2.21 -0.78 0.62 15 8 6 0 08 12 3.80 0.97 1.31 19 13 6 2 --------------------------------------------- 40.28 3.73 2.83 JUN 124 77 8 WIND SPEED (mph) DOM YR MO AVG. HI DATE DIR --------------------------------- 08 1 3.4 42.0 8 SSW 08 2 2.8 43.0 17 SW 08 3 3.1 36.0 3 N 08 4 2.3 35.0 1 SSW 08 5 2.3 42.0 2 SSW 08 6 1.7 36.0 26 SSW 08 7 1.0 38.0 22 SW 08 8 0.8 25.0 5 NNE 08 9 0.9 70.0 14 N 08 10 1.2 28.0 26 SSW 08 11 1.8 26.0 15 W 08 12 3.7 36.0 28 SSW --------------------------------- 2.1 70.0 SEP SSW
 
USA Weather Finder