Weather Information | Photos of Local Events | Personal Weather Stations Links | Lancaster Links | Site Map

NOAA Report Archive
(Reports Generated by WeatherLink)
2017: Jan | Feb | Mar | Apr | May | Jun | Jul | Aug | Sep | Oct | Nov | Dec 
2016: Jan | Feb | Mar | Apr | May | Jun | Jul | Aug | Sep | Oct | Nov | Dec 
2015: Jan | Feb | Mar | Apr | May | Jun | Jul | Aug | Sep | Oct | Nov | Dec 
2014: Jan | Feb | Mar | Apr | May | Jun | Jul | Aug | Sep | Oct | Nov | Dec 
2013: Jan | Feb | Mar | Apr | May | Jun | Jul | Aug | Sep | Oct | Nov | Dec 
2012: Jan | Feb | Mar | Apr | May | Jun | Jul | Aug | Sep | Oct | Nov | Dec 
2011: Jan | Feb | Mar | Apr | May | Jun | Jul | Aug | Sep | Oct | Nov | Dec 
2010: Jan | Feb | Mar | Apr | May | Jun | Jul | Aug | Sep | Oct | Nov | Dec 
2009: Jan | Feb | Mar | Apr | May | Jun | Jul | Aug | Sep | Oct | Nov | Dec 
2008: Jan | Feb | Mar | Apr | May | Jun | Jul | Aug | Sep | Oct | Nov | Dec 
2007: Jan | Feb | Mar | Apr | May | Jun | Jul | Aug | Sep | Oct | Nov | Dec 
2006: Jan | Feb | Mar | Apr | May | Jun | Jul | Aug | Sep | Oct | Nov | Dec 
2005: Jan | Feb | Mar | Apr | May | Jun | Jul | Aug | Sep | Oct | Nov | Dec 
2004: Jan | Feb | Mar | Apr | May | Jun | Jul | Aug | Sep | Oct | Nov | Dec 
2003: Jan | Feb | Mar | Apr | May | Jun | Jul | Aug | Sep | Oct | Nov | Dec 

Report for 2011
ANNUAL CLIMATOLOGICAL SUMMARY NAME: Station1 CITY: Lancaster STATE: Ohio ELEV: 958 ft LAT: 39 45' 15" N LONG: 82 34' 05" W TEMPERATURE (F), HEAT BASE 65.0, COOL BASE 65.0 DEP. HEAT COOL MEAN MEAN FROM DEG DEG MAX MAX MIN MIN YR MO MAX MIN MEAN NORM DAYS DAYS HI DATE LOW DATE >=90 <=32 <=32 <=0 ------------------------------------------------------------------------------------ 11 1 32.2 17.7 25.6 -0.4 1222 0 57.3 1 -9.1 22 0 16 30 1 11 2 42.8 24.2 33.7 3.7 876 0 67.8 17 1.5 10 0 5 24 0 11 3 50.8 32.8 41.5 1.5 731 3 72.8 23 22.1 1 0 0 16 0 11 4 66.8 43.7 54.7 4.7 342 32 85.9 10 28.4 3 0 0 2 0 11 5 73.8 53.8 63.2 3.2 185 130 93.6 30 32.8 5 3 0 0 0 11 6 82.5 61.1 71.2 2.2 35 222 92.5 8 49.5 15 5 0 0 0 11 7 90.3 67.2 77.7 4.7 6 400 96.1 22 57.2 14 19 0 0 0 11 8 85.1 61.2 72.6 1.6 37 273 91.2 1 48.5 30 2 0 0 0 11 9 74.0 55.9 64.4 -0.6 123 104 96.1 3 38.8 16 3 0 0 0 11 10 64.1 42.6 52.3 -0.7 419 27 80.1 8 25.4 30 0 0 4 0 11 11 58.3 37.0 47.5 5.5 530 5 73.2 14 19.9 18 0 0 9 0 11 12 45.8 30.8 38.1 6.1 835 0 62.4 21 12.9 11 0 0 18 0 ------------------------------------------------------------------------------------ 64.0 44.1 53.6 2.6 5340 1196 96.1 JUL -9.1 JAN 32 21 103 1 PRECIPITATION (in) DEP. MAX DAYS OF RAIN FROM OBS. OVER YR MO TOTAL NORM DAY DATE .01 .1 1 --------------------------------------------- 11 1 1.29 -1.05 0.51 1 9 3 0 11 2 3.88 1.73 1.16 21 11 7 1 11 3 3.09 0.50 0.63 5 12 9 0 11 4 7.26 4.22 1.77 19 17 10 2 11 5 4.53 0.49 1.14 23 17 10 2 11 6 3.85 -0.09 0.78 4 15 10 0 11 7 5.94 1.68 3.22 18 12 7 1 11 8 3.48 0.04 1.32 25 9 6 1 11 9 4.10 1.55 1.50 11 13 8 1 11 10 3.35 0.97 1.40 19 11 9 1 11 11 4.49 1.50 0.79 27 10 8 0 11 12 3.41 0.58 1.09 5 13 8 1 --------------------------------------------- 48.67 12.12 3.22 JUL 149 95 10 WIND SPEED (mph) DOM YR MO AVG. HI DATE DIR --------------------------------- 11 1 1.0 25.0 15 SW 11 2 2.4 40.0 14 SSW 11 3 2.1 38.0 12 N 11 4 2.7 49.0 28 SSW 11 5 0.8 36.0 23 SSW 11 6 0.6 33.0 21 SSW 11 7 0.3 26.0 11 WSW 11 8 0.5 32.0 24 SW 11 9 0.6 26.0 11 SSW 11 10 1.1 36.0 20 SSW 11 11 1.9 39.0 14 SSW 11 12 1.3 35.0 30 SSW --------------------------------- 1.3 49.0 APR SSW
 
USA Weather Finder