Weather Information | Photos of Local Events | Personal Weather Stations Links | Lancaster Links | Site Map

NOAA Report Archive
(Reports Generated by WeatherLink)
2017: Jan | Feb | Mar | Apr | May | Jun | Jul | Aug | Sep | Oct | Nov | Dec 
2016: Jan | Feb | Mar | Apr | May | Jun | Jul | Aug | Sep | Oct | Nov | Dec 
2015: Jan | Feb | Mar | Apr | May | Jun | Jul | Aug | Sep | Oct | Nov | Dec 
2014: Jan | Feb | Mar | Apr | May | Jun | Jul | Aug | Sep | Oct | Nov | Dec 
2013: Jan | Feb | Mar | Apr | May | Jun | Jul | Aug | Sep | Oct | Nov | Dec 
2012: Jan | Feb | Mar | Apr | May | Jun | Jul | Aug | Sep | Oct | Nov | Dec 
2011: Jan | Feb | Mar | Apr | May | Jun | Jul | Aug | Sep | Oct | Nov | Dec 
2010: Jan | Feb | Mar | Apr | May | Jun | Jul | Aug | Sep | Oct | Nov | Dec 
2009: Jan | Feb | Mar | Apr | May | Jun | Jul | Aug | Sep | Oct | Nov | Dec 
2008: Jan | Feb | Mar | Apr | May | Jun | Jul | Aug | Sep | Oct | Nov | Dec 
2007: Jan | Feb | Mar | Apr | May | Jun | Jul | Aug | Sep | Oct | Nov | Dec 
2006: Jan | Feb | Mar | Apr | May | Jun | Jul | Aug | Sep | Oct | Nov | Dec 
2005: Jan | Feb | Mar | Apr | May | Jun | Jul | Aug | Sep | Oct | Nov | Dec 
2004: Jan | Feb | Mar | Apr | May | Jun | Jul | Aug | Sep | Oct | Nov | Dec 
2003: Jan | Feb | Mar | Apr | May | Jun | Jul | Aug | Sep | Oct | Nov | Dec 

Report for 2017
ANNUAL CLIMATOLOGICAL SUMMARY NAME: Station1 CITY: Lancaster STATE: Ohio ELEV: 958 ft LAT: 39 45' 15" N LONG: 82 34' 05" W TEMPERATURE (F), HEAT BASE 65.0, COOL BASE 65.0 DEP. HEAT COOL MEAN MEAN FROM DEG DEG MAX MAX MIN MIN YR MO MAX MIN MEAN NORM DAYS DAYS HI DATE LOW DATE >=90 <=32 <=32 <=0 ------------------------------------------------------------------------------------ 17 1 43.2 29.7 36.7 10.7 875 0 66.1 12 2.8 7 0 6 18 0 17 2 52.2 33.3 42.7 12.7 630 5 76.5 24 13.1 4 0 2 15 0 17 3 51.9 33.3 42.6 2.6 701 9 77.9 30 13.8 15 0 1 15 0 17 4 70.9 47.3 58.7 8.7 254 66 84.0 30 31.6 2 0 0 2 0 17 5 72.8 52.4 62.7 2.7 178 105 87.6 16 32.1 8 0 0 0 0 17 6 83.2 59.1 71.3 2.3 59 247 93.6 16 47.7 1 3 0 0 0 17 7 85.0 63.8 73.7 0.7 18 288 91.6 19 54.7 9 2 0 0 0 17 8 82.2 60.2 70.2 -0.8 47 209 92.1 16 49.2 26 2 0 0 0 17 9 74.6 54.3 63.6 -1.4 93 62 84.7 4 44.5 10 0 0 0 0 17 10 17 11 17 12 ------------------------------------------------------------------------------------ 68.3 48.0 57.9 4.2 2856 991 93.6 JUN 2.8 JAN 7 9 50 0 PRECIPITATION (in) DEP. MAX DAYS OF RAIN FROM OBS. OVER YR MO TOTAL NORM DAY DATE .01 .1 1 --------------------------------------------- 17 1 3.51 1.17 0.92 3 17 8 0 17 2 2.15 -0.00 0.97 7 11 5 0 17 3 5.36 2.77 1.84 1 15 10 2 17 4 4.33 1.29 0.98 29 13 9 0 17 5 4.12 0.08 1.11 19 13 9 1 17 6 4.44 0.50 1.74 23 8 6 1 17 7 8.39 4.13 1.88 13 12 11 3 17 8 3.47 0.03 1.24 10 10 6 1 17 9 2.28 -0.27 0.75 2 7 5 0 17 10 17 11 17 12 --------------------------------------------- 38.05 9.70 1.88 JUL 106 69 8 WIND SPEED (mph) DOM YR MO AVG. HI DATE DIR --------------------------------- 17 1 2.1 38.0 10 W 17 2 2.3 34.0 7 SSW 17 3 2.4 38.0 8 N 17 4 1.5 33.0 5 SSW 17 5 1.0 36.0 2 SSW 17 6 0.7 29.0 18 SSW 17 7 0.4 27.0 11 SSW 17 8 0.4 36.0 2 SSW 17 9 0.3 22.0 1 SSW 17 10 17 11 17 12 --------------------------------- 1.3 38.0 JAN SSW
 
USA Weather Finder