Weather Information | Photos of Local Events | Personal Weather Stations Links | Lancaster Links | Site Map

NOAA Report Archive
(Reports Generated by WeatherLink)
2019: Jan | Feb | Mar | Apr | May | Jun | Jul | Aug | Sep | Oct | Nov | Dec 
2018: Jan | Feb | Mar | Apr | May | Jun | Jul | Aug | Sep | Oct | Nov | Dec 
2017: Jan | Feb | Mar | Apr | May | Jun | Jul | Aug | Sep | Oct | Nov | Dec 
2016: Jan | Feb | Mar | Apr | May | Jun | Jul | Aug | Sep | Oct | Nov | Dec 
2015: Jan | Feb | Mar | Apr | May | Jun | Jul | Aug | Sep | Oct | Nov | Dec 
2014: Jan | Feb | Mar | Apr | May | Jun | Jul | Aug | Sep | Oct | Nov | Dec 
2013: Jan | Feb | Mar | Apr | May | Jun | Jul | Aug | Sep | Oct | Nov | Dec 
2012: Jan | Feb | Mar | Apr | May | Jun | Jul | Aug | Sep | Oct | Nov | Dec 
2011: Jan | Feb | Mar | Apr | May | Jun | Jul | Aug | Sep | Oct | Nov | Dec 
2010: Jan | Feb | Mar | Apr | May | Jun | Jul | Aug | Sep | Oct | Nov | Dec 
2009: Jan | Feb | Mar | Apr | May | Jun | Jul | Aug | Sep | Oct | Nov | Dec 
2008: Jan | Feb | Mar | Apr | May | Jun | Jul | Aug | Sep | Oct | Nov | Dec 
2007: Jan | Feb | Mar | Apr | May | Jun | Jul | Aug | Sep | Oct | Nov | Dec 
2006: Jan | Feb | Mar | Apr | May | Jun | Jul | Aug | Sep | Oct | Nov | Dec 
2005: Jan | Feb | Mar | Apr | May | Jun | Jul | Aug | Sep | Oct | Nov | Dec 
2004: Jan | Feb | Mar | Apr | May | Jun | Jul | Aug | Sep | Oct | Nov | Dec 
2003: Jan | Feb | Mar | Apr | May | Jun | Jul | Aug | Sep | Oct | Nov | Dec 

Report for 2019
ANNUAL CLIMATOLOGICAL SUMMARY NAME: Station1 CITY: Lancaster STATE: Ohio ELEV: 958 ft LAT: 39 45' 15" N LONG: 82 34' 05" W TEMPERATURE (F), HEAT BASE 65.0, COOL BASE 65.0 DEP. HEAT COOL MEAN MEAN FROM DEG DEG MAX MAX MIN MIN YR MO MAX MIN MEAN NORM DAYS DAYS HI DATE LOW DATE >=90 <=32 <=32 <=0 ------------------------------------------------------------------------------------ 19 1 36.8 21.9 28.7 2.7 1125 0 62.6 8 -5.6 21 0 11 23 3 19 2 45.1 26.4 35.4 5.4 827 0 64.5 4 8.3 2 0 4 22 0 19 3 49.2 29.4 39.1 -0.9 761 3 77.4 14 9.2 5 0 3 21 0 19 4 67.2 43.8 55.0 5.0 332 34 81.8 11 23.8 1 0 0 2 0 19 5 76.4 54.8 65.3 5.3 102 931 88.4 26 39.8 15 0 0 0 0 19 6 81.0 60.4 70.3 1.3 39 197 92.9 29 46.5 11 4 0 0 0 19 7 88.4 66.3 76.4 3.4 11 366 94.0 20 54.4 24 13 0 0 0 19 8 84.6 62.1 72.4 1.4 25 256 91.6 20 53.1 24 4 0 0 0 19 9 85.1 58.3 70.9 5.9 52 229 93.4 13 44.9 27 5 0 0 0 19 10 72.8 47.6 58.8 5.8 150 55 93.4 1 32.8 13 3 0 0 0 19 11 19 12 ------------------------------------------------------------------------------------ 68.6 47.2 57.3 3.6 3424 2071 94.0 JUL -5.6 JAN 29 18 68 3 PRECIPITATION (in) DEP. MAX DAYS OF RAIN FROM OBS. OVER YR MO TOTAL NORM DAY DATE .01 .1 1 --------------------------------------------- 19 1 3.23 0.89 0.86 19 12 6 0 19 2 6.39 4.24 1.58 12 13 8 4 19 3 4.13 1.54 1.27 30 9 6 2 19 4 3.67 0.63 1.08 26 9 9 1 19 5 5.15 1.11 1.40 17 16 11 1 19 6 6.57 2.63 1.35 24 13 12 2 19 7 4.12 -0.14 0.89 30 12 9 0 19 8 3.30 -0.14 1.16 27 9 8 1 19 9 1.34 -1.21 0.71 1 5 3 0 19 10 1.21 -1.17 0.55 7 4 3 0 19 11 19 12 --------------------------------------------- 39.11 8.38 1.58 FEB 102 75 11 WIND SPEED (mph) DOM YR MO AVG. HI DATE DIR --------------------------------- 19 1 1.7 31.0 28 W 19 2 1.7 49.0 24 W 19 3 1.6 36.0 14 W 19 4 1.3 35.0 18 SSW 19 5 0.6 31.0 1 SSW 19 6 0.6 34.0 13 SSW 19 7 0.4 32.0 21 SSW 19 8 0.4 34.0 8 SW 19 9 0.4 24.0 22 SSW 19 10 0.6 25.0 2 SSW 19 11 19 12 --------------------------------- 0.9 49.0 FEB SSW
 
USA Weather Finder