Weather Information | Photos of Local Events | Personal Weather Stations Links | Lancaster Links | Site Map

NOAA Report Archive
(Reports Generated by WeatherLink)
2017: Jan | Feb | Mar | Apr | May | Jun | Jul | Aug | Sep | Oct | Nov | Dec 
2016: Jan | Feb | Mar | Apr | May | Jun | Jul | Aug | Sep | Oct | Nov | Dec 
2015: Jan | Feb | Mar | Apr | May | Jun | Jul | Aug | Sep | Oct | Nov | Dec 
2014: Jan | Feb | Mar | Apr | May | Jun | Jul | Aug | Sep | Oct | Nov | Dec 
2013: Jan | Feb | Mar | Apr | May | Jun | Jul | Aug | Sep | Oct | Nov | Dec 
2012: Jan | Feb | Mar | Apr | May | Jun | Jul | Aug | Sep | Oct | Nov | Dec 
2011: Jan | Feb | Mar | Apr | May | Jun | Jul | Aug | Sep | Oct | Nov | Dec 
2010: Jan | Feb | Mar | Apr | May | Jun | Jul | Aug | Sep | Oct | Nov | Dec 
2009: Jan | Feb | Mar | Apr | May | Jun | Jul | Aug | Sep | Oct | Nov | Dec 
2008: Jan | Feb | Mar | Apr | May | Jun | Jul | Aug | Sep | Oct | Nov | Dec 
2007: Jan | Feb | Mar | Apr | May | Jun | Jul | Aug | Sep | Oct | Nov | Dec 
2006: Jan | Feb | Mar | Apr | May | Jun | Jul | Aug | Sep | Oct | Nov | Dec 
2005: Jan | Feb | Mar | Apr | May | Jun | Jul | Aug | Sep | Oct | Nov | Dec 
2004: Jan | Feb | Mar | Apr | May | Jun | Jul | Aug | Sep | Oct | Nov | Dec 
2003: Jan | Feb | Mar | Apr | May | Jun | Jul | Aug | Sep | Oct | Nov | Dec 

Report for 2016
ANNUAL CLIMATOLOGICAL SUMMARY NAME: Station1 CITY: Lancaster STATE: Ohio ELEV: 958 ft LAT: 39 45' 15" N LONG: 82 34' 05" W TEMPERATURE (F), HEAT BASE 65.0, COOL BASE 65.0 DEP. HEAT COOL MEAN MEAN FROM DEG DEG MAX MAX MIN MIN YR MO MAX MIN MEAN NORM DAYS DAYS HI DATE LOW DATE >=90 <=32 <=32 <=0 ------------------------------------------------------------------------------------ 16 1 38.5 19.6 29.0 3.0 1114 0 64.7 31 2.0 13 0 10 28 0 16 2 44.7 26.0 35.2 5.2 866 1 69.3 20 -0.4 14 0 5 21 1 16 3 59.6 39.4 49.0 9.0 508 13 75.8 8 21.9 3 0 0 5 0 16 4 65.0 40.2 52.5 2.5 420 43 84.0 18 22.5 5 0 0 6 0 16 5 72.4 50.1 61.1 1.1 214 94 89.7 31 30.1 16 0 0 1 0 16 6 84.8 61.5 73.0 4.0 30 269 93.4 11 48.0 9 5 0 0 0 16 7 86.8 66.0 75.6 2.6 12 341 95.4 24 53.6 2 6 0 0 0 16 8 88.5 67.2 76.8 5.8 10 376 94.0 11 53.8 23 14 0 0 0 16 9 83.6 58.6 69.6 4.6 76 214 93.2 6 48.0 27 7 0 0 0 16 10 70.2 47.0 58.2 5.2 269 59 83.8 18 33.8 25 0 0 0 0 16 11 59.2 35.6 46.3 4.3 574 14 81.1 2 20.8 22 0 0 10 0 16 12 40.1 26.2 33.0 1.0 975 1 69.3 26 1.1 16 0 6 21 0 ------------------------------------------------------------------------------------ 66.1 44.8 55.0 4.0 5067 1424 95.4 JUL -0.4 FEB 32 21 92 1 PRECIPITATION (in) DEP. MAX DAYS OF RAIN FROM OBS. OVER YR MO TOTAL NORM DAY DATE .01 .1 1 --------------------------------------------- 16 1 1.14 -1.20 0.37 10 10 4 0 16 2 4.04 1.89 1.04 24 12 7 1 16 3 4.56 1.97 1.47 13 12 7 1 16 4 3.64 0.60 1.43 11 15 8 1 16 5 3.57 -0.47 0.80 10 14 11 0 16 6 3.50 -0.44 2.49 23 7 6 1 16 7 3.17 -1.09 1.36 18 14 7 1 16 8 4.16 0.72 1.05 14 11 7 1 16 9 3.49 0.94 0.98 28 7 5 0 16 10 2.33 -0.05 0.95 20 8 4 0 16 11 0.86 -2.13 0.26 30 7 3 0 16 12 3.91 1.08 1.58 17 13 9 1 --------------------------------------------- 38.37 1.82 2.49 JUN 130 78 7 WIND SPEED (mph) DOM YR MO AVG. HI DATE DIR --------------------------------- 16 1 2.3 34.0 10 SSW 16 2 2.5 39.0 28 SSW 16 3 2.1 35.0 24 SSW 16 4 1.9 39.0 2 N 16 5 0.7 24.0 4 SSW 16 6 0.7 26.0 6 SSW 16 7 0.4 32.0 6 SW 16 8 0.4 33.0 13 SSW 16 9 0.5 30.0 10 SSW 16 10 1.0 27.0 18 SSW 16 11 1.0 28.0 19 SSW 16 12 1.8 36.0 26 W --------------------------------- 1.3 39.0 FEB SSW
 
USA Weather Finder