Weather Information | Photos of Local Events | Personal Weather Stations Links | Lancaster Links | Site Map

NOAA Report Archive
(Reports Generated by WeatherLink)
2017: Jan | Feb | Mar | Apr | May | Jun | Jul | Aug | Sep | Oct | Nov | Dec 
2016: Jan | Feb | Mar | Apr | May | Jun | Jul | Aug | Sep | Oct | Nov | Dec 
2015: Jan | Feb | Mar | Apr | May | Jun | Jul | Aug | Sep | Oct | Nov | Dec 
2014: Jan | Feb | Mar | Apr | May | Jun | Jul | Aug | Sep | Oct | Nov | Dec 
2013: Jan | Feb | Mar | Apr | May | Jun | Jul | Aug | Sep | Oct | Nov | Dec 
2012: Jan | Feb | Mar | Apr | May | Jun | Jul | Aug | Sep | Oct | Nov | Dec 
2011: Jan | Feb | Mar | Apr | May | Jun | Jul | Aug | Sep | Oct | Nov | Dec 
2010: Jan | Feb | Mar | Apr | May | Jun | Jul | Aug | Sep | Oct | Nov | Dec 
2009: Jan | Feb | Mar | Apr | May | Jun | Jul | Aug | Sep | Oct | Nov | Dec 
2008: Jan | Feb | Mar | Apr | May | Jun | Jul | Aug | Sep | Oct | Nov | Dec 
2007: Jan | Feb | Mar | Apr | May | Jun | Jul | Aug | Sep | Oct | Nov | Dec 
2006: Jan | Feb | Mar | Apr | May | Jun | Jul | Aug | Sep | Oct | Nov | Dec 
2005: Jan | Feb | Mar | Apr | May | Jun | Jul | Aug | Sep | Oct | Nov | Dec 
2004: Jan | Feb | Mar | Apr | May | Jun | Jul | Aug | Sep | Oct | Nov | Dec 
2003: Jan | Feb | Mar | Apr | May | Jun | Jul | Aug | Sep | Oct | Nov | Dec 

Report for 2004
2004 ANNUAL CLIMATOLOGICAL SUMMARY NAME: Station1 CITY: Lancaster STATE: Ohio ELEV: 980 ft LAT: 39 45' 13" N LONG: 82 34' 06" W TEMPERATURE (F), HEAT BASE 65.0, COOL BASE 65.0 DEP. HEAT COOL MEAN MEAN FROM DEG DEG MAX MAX MIN MIN YR MO MAX MIN MEAN NORM DAYS DAYS HI DATE LOW DATE >=90 <=32 <=32 <=0 ------------------------------------------------------------------------------------ 04 1 33.1 17.8 25.6 -0.4 1221 0 63.4 3 -5.2 31 0 15 27 2 04 2 42.1 22.5 32.0 2.0 956 0 62.6 29 -5.4 1 0 4 27 1 04 3 53.3 32.8 43.0 3.0 690 8 74.6 28 13.1 13 0 1 17 0 04 4 62.3 41.8 52.1 2.1 417 31 83.6 18 22.7 6 0 0 5 0 04 5 78.2 54.9 66.3 6.3 125 164 86.7 10 28.4 4 0 0 2 0 04 6 80.4 58.3 68.8 -0.2 69 184 89.3 8 45.8 20 0 0 0 0 04 7 83.7 62.6 72.8 -0.2 21 253 91.8 10 53.2 24 2 0 0 0 04 8 81.0 59.2 70.3 -0.7 50 200 91.0 28 49.4 22 1 0 0 0 04 9 78.9 54.4 66.0 1.0 110 134 88.0 6 42.2 19 0 0 0 0 04 10 65.2 42.5 53.6 0.6 372 20 77.2 1 30.9 18 0 0 2 0 04 11 54.0 37.8 45.6 3.6 584 1 71.1 2 22.2 26 0 0 10 0 04 12 41.4 24.1 33.2 1.2 980 0 68.3 7 -5.9 20 0 6 19 2 ------------------------------------------------------------------------------------ 62.8 42.4 52.5 1.5 5595 995 91.8 JUL -5.9 DEC 3 26 109 5 PRECIPITATION (in) DEP. MAX DAYS OF RAIN FROM OBS. OVER YR MO TOTAL NORM DAY DATE .01 .1 1 --------------------------------------------- 04 1 4.82 2.48 2.39 4 13 8 1 04 2 1.89 -0.26 0.65 5 7 5 0 04 3 3.57 0.98 0.95 30 18 11 0 04 4 4.31 1.27 1.00 12 13 9 0 04 5 6.86 2.82 1.55 18 15 12 3 04 6 5.52 1.58 2.63 11 11 8 1 04 7 4.84 0.58 1.76 31 9 6 2 04 8 1.76 -1.68 0.42 28 9 5 0 04 9 5.44 2.89 1.95 7 4 4 3 04 10 3.65 1.27 1.59 18 12 7 1 04 11 4.08 1.09 0.53 4 16 10 0 04 12 3.13 0.30 0.96 23 14 5 0 --------------------------------------------- 49.87 13.32 2.63 JUN 141 90 11 WIND SPEED (mph) DOM YR MO AVG. HI DATE DIR --------------------------------- 04 1 4.9 32.0 6 SSW 04 2 3.6 34.0 20 SW 04 3 3.8 44.0 5 SSW 04 4 4.3 39.0 13 SSW 04 5 3.4 42.0 18 SSW 04 6 2.0 40.0 9 SSW 04 7 2.1 32.0 31 SSW 04 8 1.8 30.0 4 N 04 9 1.6 28.0 17 N 04 10 2.1 37.0 30 SSW 04 11 2.6 37.0 27 SSW 04 12 3.3 46.0 1 SSW --------------------------------- 3.0 46.0 DEC SSW
 
USA Weather Finder