Weather Information | Photos of Local Events | Personal Weather Stations Links | Lancaster Links | Site Map

NOAA Report Archive
(Reports Generated by WeatherLink)
2017: Jan | Feb | Mar | Apr | May | Jun | Jul | Aug | Sep | Oct | Nov | Dec 
2016: Jan | Feb | Mar | Apr | May | Jun | Jul | Aug | Sep | Oct | Nov | Dec 
2015: Jan | Feb | Mar | Apr | May | Jun | Jul | Aug | Sep | Oct | Nov | Dec 
2014: Jan | Feb | Mar | Apr | May | Jun | Jul | Aug | Sep | Oct | Nov | Dec 
2013: Jan | Feb | Mar | Apr | May | Jun | Jul | Aug | Sep | Oct | Nov | Dec 
2012: Jan | Feb | Mar | Apr | May | Jun | Jul | Aug | Sep | Oct | Nov | Dec 
2011: Jan | Feb | Mar | Apr | May | Jun | Jul | Aug | Sep | Oct | Nov | Dec 
2010: Jan | Feb | Mar | Apr | May | Jun | Jul | Aug | Sep | Oct | Nov | Dec 
2009: Jan | Feb | Mar | Apr | May | Jun | Jul | Aug | Sep | Oct | Nov | Dec 
2008: Jan | Feb | Mar | Apr | May | Jun | Jul | Aug | Sep | Oct | Nov | Dec 
2007: Jan | Feb | Mar | Apr | May | Jun | Jul | Aug | Sep | Oct | Nov | Dec 
2006: Jan | Feb | Mar | Apr | May | Jun | Jul | Aug | Sep | Oct | Nov | Dec 
2005: Jan | Feb | Mar | Apr | May | Jun | Jul | Aug | Sep | Oct | Nov | Dec 
2004: Jan | Feb | Mar | Apr | May | Jun | Jul | Aug | Sep | Oct | Nov | Dec 
2003: Jan | Feb | Mar | Apr | May | Jun | Jul | Aug | Sep | Oct | Nov | Dec 

Report for 2010
ANNUAL CLIMATOLOGICAL SUMMARY NAME: Station1 CITY: Lancaster STATE: Ohio ELEV: 958 ft LAT: 39 45' 15" N LONG: 82 34' 05" W TEMPERATURE (F), HEAT BASE 65.0, COOL BASE 65.0 DEP. HEAT COOL MEAN MEAN FROM DEG DEG MAX MAX MIN MIN YR MO MAX MIN MEAN NORM DAYS DAYS HI DATE LOW DATE >=90 <=32 <=32 <=0 ------------------------------------------------------------------------------------ 10 1 32.5 19.4 26.3 0.3 1200 0 51.0 16 2.0 10 0 15 26 0 10 2 33.6 20.9 27.5 -2.5 1050 0 44.6 2 3.9 8 0 12 25 0 10 3 55.6 33.2 44.1 4.1 653 5 72.5 31 19.1 7 0 0 14 0 10 4 71.8 43.1 57.6 7.6 296 75 86.7 2 27.2 10 0 0 3 0 10 5 76.9 54.0 65.4 5.4 133 144 92.3 30 30.7 10 3 0 1 0 10 6 84.7 63.1 73.7 4.7 22 284 92.7 23 47.7 8 2 0 0 0 10 7 88.0 65.0 76.4 3.4 20 375 95.1 7 48.2 2 9 0 0 0 10 8 89.1 65.6 75.9 4.9 8 203 93.8 10 57.0 17 7 0 0 0 10 9 79.1 53.7 65.7 0.7 101 119 93.6 23 44.5 10 4 0 0 0 10 10 69.0 41.9 54.8 1.8 360 42 88.0 10 27.2 30 0 0 4 0 10 11 55.4 29.8 42.5 0.5 680 5 72.5 13 17.3 28 0 0 23 0 10 12 32.3 20.6 26.4 -5.6 1195 0 62.7 31 5.0 14 0 19 29 0 ------------------------------------------------------------------------------------ 63.0 41.6 52.1 2.1 5716 1251 95.1 JUL 2.0 JAN 25 46 125 0 PRECIPITATION (in) DEP. MAX DAYS OF RAIN FROM OBS. OVER YR MO TOTAL NORM DAY DATE .01 .1 1 --------------------------------------------- 10 1 1.64 -0.70 0.80 24 9 3 0 10 2 2.04 -0.11 0.62 5 13 6 0 10 3 1.89 -0.70 0.51 25 11 5 0 10 4 1.68 -1.36 0.56 25 6 6 0 10 5 4.22 0.18 0.93 2 14 10 0 10 6 4.71 0.77 0.95 27 16 9 0 10 7 2.38 -1.88 1.07 12 7 5 1 10 8 3.54 0.10 1.76 4 6 5 1 10 9 1.19 -1.36 0.49 27 5 4 0 10 10 1.62 -0.76 0.96 26 8 3 0 10 11 3.45 0.46 1.30 25 8 6 1 10 12 0.84 -1.99 0.38 12 10 2 0 --------------------------------------------- 29.20 -7.35 1.76 AUG 113 64 3 WIND SPEED (mph) DOM YR MO AVG. HI DATE DIR --------------------------------- 10 1 2.9 31.0 28 W 10 2 2.4 29.0 9 WSW 10 3 2.1 27.0 25 N 10 4 2.4 39.0 3 SSW 10 5 1.4 35.0 8 SSW 10 6 1.4 30.0 27 SSW 10 7 0.7 27.0 18 SW 10 8 0.1 33.0 4 WSW 10 9 0.7 30.0 16 SSW 10 10 1.0 43.0 26 SSW 10 11 1.1 43.0 16 SSW 10 12 1.4 21.0 6 SW --------------------------------- 1.5 43.0 OCT SW
 
USA Weather Finder