Weather Information | Photos of Local Events | Personal Weather Stations Links | Lancaster Links | Site Map

NOAA Report Archive
(Reports Generated by WeatherLink)
2017: Jan | Feb | Mar | Apr | May | Jun | Jul | Aug | Sep | Oct | Nov | Dec 
2016: Jan | Feb | Mar | Apr | May | Jun | Jul | Aug | Sep | Oct | Nov | Dec 
2015: Jan | Feb | Mar | Apr | May | Jun | Jul | Aug | Sep | Oct | Nov | Dec 
2014: Jan | Feb | Mar | Apr | May | Jun | Jul | Aug | Sep | Oct | Nov | Dec 
2013: Jan | Feb | Mar | Apr | May | Jun | Jul | Aug | Sep | Oct | Nov | Dec 
2012: Jan | Feb | Mar | Apr | May | Jun | Jul | Aug | Sep | Oct | Nov | Dec 
2011: Jan | Feb | Mar | Apr | May | Jun | Jul | Aug | Sep | Oct | Nov | Dec 
2010: Jan | Feb | Mar | Apr | May | Jun | Jul | Aug | Sep | Oct | Nov | Dec 
2009: Jan | Feb | Mar | Apr | May | Jun | Jul | Aug | Sep | Oct | Nov | Dec 
2008: Jan | Feb | Mar | Apr | May | Jun | Jul | Aug | Sep | Oct | Nov | Dec 
2007: Jan | Feb | Mar | Apr | May | Jun | Jul | Aug | Sep | Oct | Nov | Dec 
2006: Jan | Feb | Mar | Apr | May | Jun | Jul | Aug | Sep | Oct | Nov | Dec 
2005: Jan | Feb | Mar | Apr | May | Jun | Jul | Aug | Sep | Oct | Nov | Dec 
2004: Jan | Feb | Mar | Apr | May | Jun | Jul | Aug | Sep | Oct | Nov | Dec 
2003: Jan | Feb | Mar | Apr | May | Jun | Jul | Aug | Sep | Oct | Nov | Dec 

Report for 2015
ANNUAL CLIMATOLOGICAL SUMMARY NAME: Station1 CITY: Lancaster STATE: Ohio ELEV: 958 ft LAT: 39 45' 15" N LONG: 82 34' 05" W TEMPERATURE (F), HEAT BASE 65.0, COOL BASE 65.0 DEP. HEAT COOL MEAN MEAN FROM DEG DEG MAX MAX MIN MIN YR MO MAX MIN MEAN NORM DAYS DAYS HI DATE LOW DATE >=90 <=32 <=32 <=0 ------------------------------------------------------------------------------------ 15 1 35.6 18.7 27.1 1.1 1174 0 59.6 4 -5.6 8 0 11 28 2 15 2 30.7 9.4 20.5 -9.5 1245 0 58.0 8 -14.6 24 0 17 27 6 15 3 49.7 27.8 39.0 -1.0 807 1 70.1 25 -2.8 6 0 2 19 1 15 4 65.5 42.3 53.6 3.6 361 20 80.7 13 25.6 1 0 0 5 0 15 5 79.7 54.1 66.8 6.8 121 176 90.7 8 39.6 14 2 0 0 0 15 6 80.3 62.3 70.8 1.8 43 218 91.4 11 49.1 1 3 0 0 0 15 7 84.0 63.0 72.8 -0.2 21 262 91.6 28 51.0 16 3 0 0 0 15 8 83.4 59.6 71.2 0.2 45 238 90.3 31 50.7 28 1 0 0 0 15 9 81.9 57.1 68.3 3.3 85 183 92.3 5 44.1 14 6 0 0 0 15 10 66.4 44.0 54.7 1.7 354 34 82.6 6 26.3 18 0 0 3 0 15 11 59.2 38.7 48.4 6.4 508 10 77.4 5 19.5 23 0 0 8 0 15 12 53.6 37.1 45.0 13.0 620 1 69.1 12 20.8 20 0 0 9 0 ------------------------------------------------------------------------------------ 64.4 43.0 53.4 2.3 5385 1143 92.3 SEP -14.6 FEB 15 30 99 9 PRECIPITATION (in) DEP. MAX DAYS OF RAIN FROM OBS. OVER YR MO TOTAL NORM DAY DATE .01 .1 1 --------------------------------------------- 15 1 2.03 -0.31 0.68 3 11 7 0 15 2 1.33 -0.82 0.45 21 9 4 0 15 3 4.09 1.50 0.76 3 12 8 0 15 4 4.56 1.52 0.84 2 14 12 0 15 5 4.45 0.41 1.62 26 12 5 2 15 6 5.45 1.51 1.08 17 17 11 1 15 7 3.45 -0.81 0.94 14 12 9 0 15 8 1.72 -1.72 0.67 10 7 4 0 15 9 2.85 0.30 1.31 4 6 3 1 15 10 1.87 -0.51 0.66 28 8 5 0 15 11 2.75 -0.24 0.86 6 11 7 0 15 12 3.91 1.08 0.97 27 13 8 0 --------------------------------------------- 38.46 1.91 1.62 MAY 132 83 4 WIND SPEED (mph) DOM YR MO AVG. HI DATE DIR --------------------------------- 15 1 2.1 34.0 1 W 15 2 2.4 32.0 14 NNW 15 3 2.0 34.0 31 N 15 4 2.0 37.0 9 SSW 15 5 0.8 30.0 12 SSW 15 6 0.8 31.0 27 SSW 15 7 0.4 25.0 9 SSW 15 8 0.3 24.0 3 SSW 15 9 0.4 26.0 4 NNE 15 10 1.1 27.0 29 SSW 15 11 1.4 33.0 12 SSW 15 12 1.5 36.0 14 SSW --------------------------------- 1.3 37.0 APR SSW
 
USA Weather Finder