Weather Information | Photos of Local Events | Personal Weather Stations Links | Lancaster Links | Site Map

NOAA Report Archive
(Reports Generated by WeatherLink)
2020: Jan | Feb | Mar | Apr | May | Jun | Jul | Aug | Sep | Oct | Nov | Dec 
2019: Jan | Feb | Mar | Apr | May | Jun | Jul | Aug | Sep | Oct | Nov | Dec 
2018: Jan | Feb | Mar | Apr | May | Jun | Jul | Aug | Sep | Oct | Nov | Dec 
2017: Jan | Feb | Mar | Apr | May | Jun | Jul | Aug | Sep | Oct | Nov | Dec 
2016: Jan | Feb | Mar | Apr | May | Jun | Jul | Aug | Sep | Oct | Nov | Dec 
2015: Jan | Feb | Mar | Apr | May | Jun | Jul | Aug | Sep | Oct | Nov | Dec 
2014: Jan | Feb | Mar | Apr | May | Jun | Jul | Aug | Sep | Oct | Nov | Dec 
2013: Jan | Feb | Mar | Apr | May | Jun | Jul | Aug | Sep | Oct | Nov | Dec 
2012: Jan | Feb | Mar | Apr | May | Jun | Jul | Aug | Sep | Oct | Nov | Dec 
2011: Jan | Feb | Mar | Apr | May | Jun | Jul | Aug | Sep | Oct | Nov | Dec 
2010: Jan | Feb | Mar | Apr | May | Jun | Jul | Aug | Sep | Oct | Nov | Dec 
2009: Jan | Feb | Mar | Apr | May | Jun | Jul | Aug | Sep | Oct | Nov | Dec 
2008: Jan | Feb | Mar | Apr | May | Jun | Jul | Aug | Sep | Oct | Nov | Dec 
2007: Jan | Feb | Mar | Apr | May | Jun | Jul | Aug | Sep | Oct | Nov | Dec 
2006: Jan | Feb | Mar | Apr | May | Jun | Jul | Aug | Sep | Oct | Nov | Dec 
2005: Jan | Feb | Mar | Apr | May | Jun | Jul | Aug | Sep | Oct | Nov | Dec 
2004: Jan | Feb | Mar | Apr | May | Jun | Jul | Aug | Sep | Oct | Nov | Dec 
2003: Jan | Feb | Mar | Apr | May | Jun | Jul | Aug | Sep | Oct | Nov | Dec 

Report for 2020
ANNUAL CLIMATOLOGICAL SUMMARY NAME: Station1 CITY: Lancaster STATE: Ohio ELEV: 958 ft LAT: 39 45' 15" N LONG: 82 34' 05" W TEMPERATURE (F), HEAT BASE 65.0, COOL BASE 65.0 DEP. HEAT COOL MEAN MEAN FROM DEG DEG MAX MAX MIN MIN YR MO MAX MIN MEAN NORM DAYS DAYS HI DATE LOW DATE >=90 <=32 <=32 <=0 ------------------------------------------------------------------------------------ 20 1 44.4 30.1 36.4 10.4 767 1 71.6 11 12.4 21 0 5 18 0 20 2 42.4 26.6 35.1 5.1 859 0 64.5 3 11.7 15 0 3 22 0 20 3 56.9 38.4 47.4 7.4 553 8 78.1 28 19.4 1 0 0 9 0 20 4 60.7 38.8 49.8 -0.2 470 13 78.3 7 22.2 15 0 0 5 0 20 5 70.0 49.5 59.4 -0.6 266 94 89.9 24 27.6 9 0 0 4 0 20 6 84.2 60.6 72.2 3.2 37 252 91.6 9 40.1 1 5 0 0 0 20 7 90.6 66.5 77.8 4.8 4 399 96.3 5 59.8 13 21 0 0 0 20 8 84.6 62.8 72.5 1.5 27 259 94.0 13 50.8 20 3 0 0 0 20 9 78.9 54.1 65.6 0.6 120 144 90.7 10 37.8 20 1 0 0 0 20 10 20 11 20 12 ------------------------------------------------------------------------------------ 68.3 47.7 57.6 3.6 3102 1169 96.3 JUL 11.7 FEB 30 8 58 0 PRECIPITATION (in) DEP. MAX DAYS OF RAIN FROM OBS. OVER YR MO TOTAL NORM DAY DATE .01 .1 1 --------------------------------------------- 20 1 3.29 0.95 1.03 18 7 6 1 20 2 3.52 1.37 0.63 12 18 11 0 20 3 4.93 2.34 0.84 19 19 12 0 20 4 4.05 1.01 0.80 26 14 10 0 20 5 5.04 1.00 1.35 19 13 11 1 20 6 2.19 -1.75 0.52 4 9 6 0 20 7 3.04 -1.22 1.09 7 10 8 1 20 8 3.85 0.41 0.96 28 11 8 0 20 9 1.32 -1.23 0.48 28 6 5 0 20 10 20 11 20 12 --------------------------------------------- 31.23 2.88 1.35 MAY 107 77 3 WIND SPEED (mph) DOM YR MO AVG. HI DATE DIR --------------------------------- 20 1 1.3 39.0 12 W 20 2 1.4 35.0 27 SSW 20 3 1.8 38.0 29 SSW 20 4 1.7 36.0 13 NNW 20 5 1.1 28.0 10 SSW 20 6 0.5 31.0 10 SW 20 7 0.3 25.0 16 SW 20 8 0.3 38.0 24 SSW 20 9 0.5 28.0 28 SSW 20 10 20 11 20 12 --------------------------------- 1.0 39.0 JAN SSW
 
USA Weather Finder